{"id":696,"date":"2021-02-25T10:01:16","date_gmt":"2021-02-25T09:01:16","guid":{"rendered":"https:\/\/c12594-1.bacagora.ac\/pcms\/wp22\/?page_id=491"},"modified":"2021-03-01T16:18:46","modified_gmt":"2021-03-01T15:18:46","slug":"activite-2-interface-des-fins-organisationnelles","status":"publish","type":"page","link":"https:\/\/www.cerpeg.fr\/bcpaccueil\/activite-2-interface-des-fins-organisationnelles\/","title":{"rendered":"Activit\u00e9 2 &#8211; Interface \u00e0 des fins organisationnelles"},"content":{"rendered":"\n<div class=\"wp-block-buttons alignright is-layout-flex wp-block-buttons-is-layout-flex\">\n<div class=\"wp-block-button is-style-fill\"><a class=\"wp-block-button__link has-vivid-cyan-blue-background-color has-background\" href=\"https:\/\/www.cerpeg.fr\/bcpaccueil\/category\/bloc\/bloc-2\/\" style=\"border-radius:28px\" target=\"_blank\" rel=\"noreferrer noopener\">R\u00e9f. de certification BLOC 2<\/a><\/div>\n<\/div>\n\n\n\n<div style=\"height:18px\" aria-hidden=\"true\" class=\"wp-block-spacer\"><\/div>\n\n\n\n<h3 class=\"has-white-color has-pale-cyan-blue-background-color has-text-color has-background wp-block-heading\">T\u00e2ches<\/h3>\n\n\n\n<div style=\"height:15px\" aria-hidden=\"true\" class=\"wp-block-spacer\"><\/div>\n\n\n\n<ul><li>Recherche et exploitation de l\u2019information<\/li><li>Enrichissement et actualisation de la base d\u2019information<\/li><li>Organisation, classement et hi\u00e9rarchisation de l\u2019information<\/li><li>Compte rendu d\u2019activit\u00e9 : report de l\u2019activit\u00e9, transmission et passation<\/li><li>Gestion de prestations internes et externes<\/li><li>Contribution \u00e0 la mise en \u0153uvre de projet<\/li><\/ul>\n\n\n\n<div style=\"height:49px\" aria-hidden=\"true\" class=\"wp-block-spacer\"><\/div>\n\n\n\n<h3 class=\"has-white-color has-pale-cyan-blue-background-color has-text-color has-background wp-block-heading\">Contexte professionnel<\/h3>\n\n\n\n<h4 class=\"has-vivid-cyan-blue-color has-text-color wp-block-heading\">Ressources<\/h4>\n\n\n\n<ul><li>Outils num\u00e9riques de gestion de l\u2019information<\/li><li>Outils collaboratifs de gestion de l\u2019information<\/li><li>Annuaire, organigramme<\/li><li>Plannings de r\u00e9servation de salles, de pr\u00eat de mat\u00e9riel\u2026<\/li><li>Outils de communication<\/li><li>Bases de donn\u00e9es<\/li><\/ul>\n\n\n\n<div style=\"height:43px\" aria-hidden=\"true\" class=\"wp-block-spacer\"><\/div>\n\n\n\n<h4 class=\"has-vivid-cyan-blue-color has-text-color wp-block-heading\">Relations <\/h4>\n\n\n\n<ul><li>Le personnel d\u2019accueil est en relation avec tous les services de l\u2019organisation, les diff\u00e9rents partenaires et les prestataires de service ext\u00e9rieurs<\/li><\/ul>\n\n\n\n<div style=\"height:43px\" aria-hidden=\"true\" class=\"wp-block-spacer\"><\/div>\n\n\n\n<h3 class=\"has-white-color has-pale-cyan-blue-background-color has-text-color has-background wp-block-heading\">R\u00e9sultats attendus<\/h3>\n\n\n\n<ul><li>Disposer d\u2019une base de donn\u00e9es actualis\u00e9e<\/li><li>Traiter et transmettre une information utile et fiable<\/li><li>Contribuer \u00e0 la qualit\u00e9 des prestations internes et externes<\/li><li>Participer efficacement \u00e0 la mise en \u0153uvre de projet<\/li><li>Remonter des informations en temps voulu<\/li><\/ul>\n","protected":false},"excerpt":{"rendered":"<p>T\u00e2ches Recherche et exploitation de l\u2019information Enrichissement et actualisation de la base d\u2019information Organisation, classement et hi\u00e9rarchisation de l\u2019information Compte rendu d\u2019activit\u00e9 : report de l\u2019activit\u00e9, transmission et passation Gestion de prestations internes et externes Contribution \u00e0 la mise en \u0153uvre de projet Contexte professionnel Ressources Outils num\u00e9riques de gestion de l\u2019information Outils collaboratifs de [&hellip;]<\/p>\n","protected":false},"author":1,"featured_media":0,"parent":0,"menu_order":0,"comment_status":"closed","ping_status":"closed","template":"","meta":{"footnotes":""},"_links":{"self":[{"href":"https:\/\/www.cerpeg.fr\/bcpaccueil\/wp-json\/wp\/v2\/pages\/696"}],"collection":[{"href":"https:\/\/www.cerpeg.fr\/bcpaccueil\/wp-json\/wp\/v2\/pages"}],"about":[{"href":"https:\/\/www.cerpeg.fr\/bcpaccueil\/wp-json\/wp\/v2\/types\/page"}],"author":[{"embeddable":true,"href":"https:\/\/www.cerpeg.fr\/bcpaccueil\/wp-json\/wp\/v2\/users\/1"}],"replies":[{"embeddable":true,"href":"https:\/\/www.cerpeg.fr\/bcpaccueil\/wp-json\/wp\/v2\/comments?post=696"}],"version-history":[{"count":1,"href":"https:\/\/www.cerpeg.fr\/bcpaccueil\/wp-json\/wp\/v2\/pages\/696\/revisions"}],"predecessor-version":[{"id":939,"href":"https:\/\/www.cerpeg.fr\/bcpaccueil\/wp-json\/wp\/v2\/pages\/696\/revisions\/939"}],"wp:attachment":[{"href":"https:\/\/www.cerpeg.fr\/bcpaccueil\/wp-json\/wp\/v2\/media?parent=696"}],"curies":[{"name":"wp","href":"https:\/\/api.w.org\/{rel}","templated":true}]}}

Activité 2 &#8211; Interface à des fins organisationnelles

<div class="wp-block-buttons alignright is-layout-flex wp-block-buttons-is-layout-flex">
<div class="wp-block-button is-style-fill"><a class="wp-block-button__link has-vivid-cyan-blue-background-color has-background" href="https://www.cerpeg.fr/bcpaccueil/category/bloc/bloc-2/" style="border-radius:28px" target="_blank" rel="noreferrer noopener">Réf. de certification BLOC 2</a></div>
</div>



<div style="height:18px" aria-hidden="true" class="wp-block-spacer"></div>



<h3 class="has-white-color has-pale-cyan-blue-background-color has-text-color has-background wp-block-heading">Tâches</h3>



<div style="height:15px" aria-hidden="true" class="wp-block-spacer"></div>



<ul><li>Recherche et exploitation de l’information</li><li>Enrichissement et actualisation de la base d’information</li><li>Organisation, classement et hiérarchisation de l’information</li><li>Compte rendu d’activité : report de l’activité, transmission et passation</li><li>Gestion de prestations internes et externes</li><li>Contribution à la mise en œuvre de projet</li></ul>



<div style="height:49px" aria-hidden="true" class="wp-block-spacer"></div>



<h3 class="has-white-color has-pale-cyan-blue-background-color has-text-color has-background wp-block-heading">Contexte professionnel</h3>



<h4 class="has-vivid-cyan-blue-color has-text-color wp-block-heading">Ressources</h4>



<ul><li>Outils numériques de gestion de l’information</li><li>Outils collaboratifs de gestion de l’information</li><li>Annuaire, organigramme</li><li>Plannings de réservation de salles, de prêt de matériel…</li><li>Outils de communication</li><li>Bases de données</li></ul>



<div style="height:43px" aria-hidden="true" class="wp-block-spacer"></div>



<h4 class="has-vivid-cyan-blue-color has-text-color wp-block-heading">Relations </h4>



<ul><li>Le personnel d’accueil est en relation avec tous les services de l’organisation, les différents partenaires et les prestataires de service extérieurs</li></ul>



<div style="height:43px" aria-hidden="true" class="wp-block-spacer"></div>



<h3 class="has-white-color has-pale-cyan-blue-background-color has-text-color has-background wp-block-heading">Résultats attendus</h3>



<ul><li>Disposer d’une base de données actualisée</li><li>Traiter et transmettre une information utile et fiable</li><li>Contribuer à la qualité des prestations internes et externes</li><li>Participer efficacement à la mise en œuvre de projet</li><li>Remonter des informations en temps voulu</li></ul>

<p>Tâches Recherche et exploitation de l’information Enrichissement et actualisation de la base d’information Organisation, classement et hiérarchisation de l’information Compte rendu d’activité : report de l’activité, transmission et passation Gestion de prestations internes et externes Contribution à la mise en œuvre de projet Contexte professionnel Ressources Outils numériques de gestion de l’information Outils collaboratifs de [&hellip;]</p>
