{"id":513,"date":"2021-02-28T06:57:58","date_gmt":"2021-02-28T05:57:58","guid":{"rendered":"http:\/\/www.cerpeg.fr\/bcpagora\/?page_id=513"},"modified":"2023-04-05T18:07:24","modified_gmt":"2023-04-05T16:07:24","slug":"epreuves-dexamen","status":"publish","type":"page","link":"https:\/\/www.cerpeg.fr\/bcpagora\/epreuves-dexamen\/","title":{"rendered":"\u00c9preuves d&rsquo;examen (statut scolaire)"},"content":{"rendered":"\n<p><em>Candidat sous statut scolaire dans un \u00e9tablissement public ou priv\u00e9 sous contrat<\/em>. <\/p>\n\n\n\n<p><em>Apprenti dans un CFA ou section d\u2019apprentissage habilit\u00e9 Formation professionnelle continue dans un \u00e9tablissement public<\/em><\/p>\n\n\n\n<figure class=\"wp-block-table is-style-regular\">\n<table style=\"width: 100%; height: 963px;\">\n<thead>\n<tr style=\"height: 60px;\">\n<td class=\"has-text-align-left\" style=\"width: 80px; background-color: #62bef0; height: 60px; text-align: center;\" data-align=\"left\"><span style=\"color: #ffffff;\"><strong>\u00c9preuves<\/strong><\/span><\/td>\n<td style=\"width: 10%; background-color: #62bef0; height: 60px; text-align: center;\"><strong><span style=\"color: #ffffff;\">Coef.<\/span><\/strong><\/td>\n<td style=\"width: 10%; background-color: #62bef0; height: 60px; text-align: center;\"><strong><span style=\"color: #ffffff;\">Mode<\/span><\/strong><\/td>\n<td style=\"width: 10%; background-color: #62bef0; height: 60px; text-align: center;\"><strong><span style=\"color: #ffffff;\">Dur\u00e9e<\/span><\/strong><\/td>\n<\/tr>\n<\/thead>\n<tbody>\n<tr style=\"height: 38px;\">\n<td class=\"has-text-align-left\" style=\"width: 90%; height: 38px;\" data-align=\"left\"><strong>E1 &#8211; \u00c9preuve scientifique et technique<\/strong><\/td>\n<td style=\"width: 1.72414%; height: 38px; text-align: center;\"><strong>2<\/strong><\/td>\n<td style=\"width: 9.13792%; height: 38px; text-align: center;\">\u00a0<\/td>\n<td style=\"width: 11.5517%; height: 38px; text-align: center;\">\u00a0<\/td>\n<\/tr>\n<tr style=\"height: 58px;\">\n<td class=\"has-text-align-left\" style=\"width: 76.2069%; height: 58px; padding-left: 40px;\" data-align=\"left\">&#8211; E 11 \u00c9conomie-droit **<\/td>\n<td style=\"width: 1.72414%; height: 58px; text-align: center;\">1<\/td>\n<td style=\"width: 9.13792%; height: 58px; text-align: center;\">Ponctuel \u00e9crit<\/td>\n<td style=\"width: 11.5517%; height: 58px; text-align: center;\">2 h<\/td>\n<\/tr>\n<tr style=\"height: 37px;\">\n<td class=\"has-text-align-left\" style=\"width: 76.2069%; height: 37px; padding-left: 40px;\" data-align=\"left\">&#8211; E 12 Math\u00e9matiques**<\/td>\n<td style=\"width: 1.72414%; height: 37px; text-align: center;\">1<\/td>\n<td style=\"width: 9.13792%; height: 37px; text-align: center;\">\n<p>CCF<\/p>\n<\/td>\n<td style=\"width: 11.5517%; height: 37px; text-align: center;\">\u00a0<\/td>\n<\/tr>\n<tr style=\"height: 79px;\">\n<td class=\"has-text-align-left\" style=\"width: 76.2069%; height: 79px;\" data-align=\"left\"><strong>E2 &#8211; \u00c9tude de situations professionnelles li\u00e9es \u00e0 l\u2019organisation et au suivi de l\u2019activit\u00e9 de production<\/strong><\/td>\n<td style=\"width: 1.72414%; height: 79px; text-align: center;\"><strong>4<\/strong><\/td>\n<td style=\"width: 9.13792%; height: 79px; text-align: center;\">Ponctuel \u00e9crit<\/td>\n<td style=\"width: 11.5517%; height: 79px; text-align: center;\">3 h 30<\/td>\n<\/tr>\n<tr style=\"height: 58px;\">\n<td class=\"has-text-align-left\" style=\"width: 76.2069%; height: 58px;\" data-align=\"left\"><strong>E3 &#8211; Pratiques professionnelles d\u2019assistance \u00e0 la gestion des organisations<\/strong><\/td>\n<td style=\"width: 1.72414%; height: 58px; text-align: center;\"><strong>8<\/strong><\/td>\n<td style=\"width: 9.13792%; height: 58px; text-align: center;\">\u00a0<\/td>\n<td style=\"width: 11.5517%; height: 58px; text-align: center;\">\u00a0<\/td>\n<\/tr>\n<tr style=\"height: 58px;\">\n<td class=\"has-text-align-left\" style=\"width: 76.2069%; height: 58px; padding-left: 40px;\" data-align=\"left\">&#8211; E31 Gestion des relations avec les clients, les usagers et les adh\u00e9rents<\/td>\n<td style=\"width: 1.72414%; height: 58px; text-align: center;\">4<\/td>\n<td style=\"width: 9.13792%; height: 58px; text-align: center;\">CCF<\/td>\n<td style=\"width: 11.5517%; height: 58px; text-align: center;\">\u00a0<\/td>\n<\/tr>\n<tr style=\"height: 37px;\">\n<td class=\"has-text-align-left\" style=\"width: 76.2069%; height: 37px; padding-left: 40px;\" data-align=\"left\">&#8211; E32 Administration du personnel<\/td>\n<td style=\"width: 1.72414%; height: 37px; text-align: center;\">3<\/td>\n<td style=\"width: 9.13792%; height: 37px; text-align: center;\">CCF<\/td>\n<td style=\"width: 11.5517%; height: 37px; text-align: center;\">\u00a0<\/td>\n<\/tr>\n<tr style=\"height: 58px;\">\n<td class=\"has-text-align-left\" style=\"width: 76.2069%; height: 58px; padding-left: 40px;\" data-align=\"left\">&#8211; E33 Pr\u00e9vention-sant\u00e9-environnement**<\/td>\n<td style=\"width: 1.72414%; height: 58px; text-align: center;\">1<\/td>\n<td style=\"width: 9.13792%; height: 58px; text-align: center;\">Ponctuel \u00e9crit<\/td>\n<td style=\"width: 11.5517%; height: 58px; text-align: center;\">2 h<\/td>\n<\/tr>\n<tr style=\"height: 37px;\">\n<td class=\"has-text-align-left\" style=\"width: 76.2069%; height: 37px;\" data-align=\"left\"><strong>E4 &#8211; \u00c9preuve de langues vivantes<\/strong><\/td>\n<td style=\"width: 1.72414%; height: 37px; text-align: center;\"><strong>4<\/strong><\/td>\n<td style=\"width: 9.13792%; height: 37px; text-align: center;\">\u00a0<\/td>\n<td style=\"width: 11.5517%; height: 37px; text-align: center;\">\u00a0<\/td>\n<\/tr>\n<tr style=\"height: 37px;\">\n<td class=\"has-text-align-left\" style=\"width: 76.2069%; height: 37px; padding-left: 40px;\" data-align=\"left\">&#8211; E41 Langues vivantes 1**<\/td>\n<td style=\"width: 1.72414%; height: 37px; text-align: center;\">2<\/td>\n<td style=\"width: 9.13792%; height: 37px; text-align: center;\">CCF<\/td>\n<td style=\"width: 11.5517%; height: 37px; text-align: center;\">\u00a0<\/td>\n<\/tr>\n<tr style=\"height: 37px;\">\n<td class=\"has-text-align-left\" style=\"width: 76.2069%; height: 37px; padding-left: 40px;\" data-align=\"left\">&#8211; E42 Langues vivantes 2**<\/td>\n<td style=\"width: 1.72414%; height: 37px; text-align: center;\">2<\/td>\n<td style=\"width: 9.13792%; height: 37px; text-align: center;\">CCF<\/td>\n<td style=\"width: 11.5517%; height: 37px; text-align: center;\">\u00a0<\/td>\n<\/tr>\n<tr style=\"height: 58px;\">\n<td class=\"has-text-align-left\" style=\"width: 76.2069%; height: 58px;\" data-align=\"left\"><strong>E5 &#8211; \u00c9preuve de Fran\u00e7ais et Histoire &#8211; g\u00e9ographie et \u00e9ducation civique<\/strong><\/td>\n<td style=\"width: 1.72414%; height: 58px; text-align: center;\"><strong>5<\/strong><\/td>\n<td style=\"width: 9.13792%; height: 58px; text-align: center;\">\u00a0<\/td>\n<td style=\"width: 11.5517%; height: 58px; text-align: center;\">\u00a0<\/td>\n<\/tr>\n<tr style=\"height: 58px;\">\n<td class=\"has-text-align-left\" style=\"width: 76.2069%; height: 58px; padding-left: 40px;\" data-align=\"left\">&#8211; E51 Fran\u00e7ais**<\/td>\n<td style=\"width: 1.72414%; height: 58px; text-align: center;\">2,5<\/td>\n<td style=\"width: 9.13792%; height: 58px; text-align: center;\">Ponctuel \u00e9crit<\/td>\n<td style=\"width: 11.5517%; height: 58px; text-align: center;\">3 h<\/td>\n<\/tr>\n<tr style=\"height: 58px;\">\n<td class=\"has-text-align-left\" style=\"width: 76.2069%; height: 58px; padding-left: 40px;\" data-align=\"left\">&#8211; E52 Histoire-g\u00e9ographie et \u00e9ducation civique**<\/td>\n<td style=\"width: 1.72414%; height: 58px; text-align: center;\">2,5<\/td>\n<td style=\"width: 9.13792%; height: 58px; text-align: center;\">Ponctuel \u00e9crit<\/td>\n<td style=\"width: 11.5517%; height: 58px; text-align: center;\">2 h 30<\/td>\n<\/tr>\n<tr style=\"height: 58px;\">\n<td class=\"has-text-align-left\" style=\"width: 76.2069%; height: 58px;\" data-align=\"left\"><strong>E6 &#8211; \u00c9preuve d\u2019arts appliqu\u00e9s et cultures artistiques**<\/strong><\/td>\n<td style=\"width: 1.72414%; height: 58px; text-align: center;\"><strong>1<\/strong><\/td>\n<td style=\"width: 9.13792%; height: 58px; text-align: center;\"><strong>CCF<\/strong><\/td>\n<td style=\"width: 11.5517%; height: 58px; text-align: center;\">\u00a0<\/td>\n<\/tr>\n<tr style=\"height: 58px;\">\n<td class=\"has-text-align-left\" style=\"width: 76.2069%; height: 58px;\" data-align=\"left\"><strong>E7 &#8211; \u00c9preuve d\u2019\u00c9ducation physique et sportive**<\/strong><\/td>\n<td style=\"width: 1.72414%; height: 58px; text-align: center;\"><strong>1<\/strong><\/td>\n<td style=\"width: 9.13792%; height: 58px; text-align: center;\"><strong>CCF<\/strong><\/td>\n<td style=\"width: 11.5517%; height: 58px; text-align: center;\">\u00a0<\/td>\n<\/tr>\n<tr style=\"height: 79px;\">\n<td class=\"has-text-align-left\" style=\"width: 76.2069%; height: 79px;\" data-align=\"left\"><strong>\u00c9preuves facultatives (2) **<\/strong><br \/>&#8211; EF1<br \/>&#8211; EF2<\/td>\n<td style=\"width: 1.72414%; height: 79px; text-align: center;\">\u00a0<\/td>\n<td style=\"width: 9.13792%; height: 79px; text-align: center;\">Ponctuel \u00e9crit<\/td>\n<td style=\"width: 11.5517%; height: 79px; text-align: center;\">\u00a0<\/td>\n<\/tr>\n<\/tbody>\n<\/table>\n<\/figure>\n\n\n\n<div class=\"wp-block-columns is-layout-flex wp-container-core-columns-is-layout-1 wp-block-columns-is-layout-flex\">\n<div class=\"wp-block-column is-layout-flow wp-block-column-is-layout-flow\" style=\"flex-basis:100%\"><\/div>\n<\/div>\n\n\n\n<p><em>(1) dont 5 minutes de pr\u00e9paration.<\/em><\/p>\n\n\n\n<p><em>(2) Le candidat peut choisir une ou deux unit\u00e9s facultatives parmi les unit\u00e9s possibles, les conditions sont fix\u00e9es par la r\u00e9glementation en vigueur. La langue vivante choisie au titre de l\u2019\u00e9preuve facultative est obligatoirement diff\u00e9rente de celle choisie au titre de l\u2019\u00e9preuve obligatoire. Seuls les points exc\u00e9dant 10 sont pris en compte pour le calcul de la moyenne g\u00e9n\u00e9rale en vue de l\u2019obtention du dipl\u00f4me et de l\u2019attribution d\u2019une mention<\/em><\/p>\n\n\n\n<p><em>(**) Information : En cons\u00e9quence de la publication des arr\u00eat\u00e9s du 3 avril 2019 fixant certains nouveaux programmes d\u2019enseignement g\u00e9n\u00e9ral de baccalaur\u00e9at professionnel, les intitul\u00e9s, coefficients, modalit\u00e9s et dur\u00e9es des \u00e9preuves g\u00e9n\u00e9rales sont appel\u00e9s \u00e0 \u00eatre red\u00e9finis par un arr\u00eat\u00e9 minist\u00e9riel publi\u00e9 ult\u00e9rieurement.<\/em><\/p>\n<p><em>(***) Modification de la dur\u00e9e \u00e0 partir de la session 2022 &#8211; Dur\u00e9e 2 h<\/em><\/p>\n","protected":false},"excerpt":{"rendered":"<p>Candidat sous statut scolaire dans un \u00e9tablissement public ou priv\u00e9 sous contrat. Apprenti dans un CFA ou section d\u2019apprentissage habilit\u00e9 Formation professionnelle continue dans un \u00e9tablissement public \u00c9preuves Coef. Mode Dur\u00e9e E1 &#8211; \u00c9preuve scientifique et technique 2 \u00a0 \u00a0 &#8211; E 11 \u00c9conomie-droit ** 1 Ponctuel \u00e9crit 2 h &#8211; E 12 Math\u00e9matiques** 1 [&hellip;]<\/p>\n","protected":false},"author":1,"featured_media":0,"parent":0,"menu_order":0,"comment_status":"closed","ping_status":"closed","template":"","meta":{"footnotes":""},"_links":{"self":[{"href":"https:\/\/www.cerpeg.fr\/bcpagora\/wp-json\/wp\/v2\/pages\/513"}],"collection":[{"href":"https:\/\/www.cerpeg.fr\/bcpagora\/wp-json\/wp\/v2\/pages"}],"about":[{"href":"https:\/\/www.cerpeg.fr\/bcpagora\/wp-json\/wp\/v2\/types\/page"}],"author":[{"embeddable":true,"href":"https:\/\/www.cerpeg.fr\/bcpagora\/wp-json\/wp\/v2\/users\/1"}],"replies":[{"embeddable":true,"href":"https:\/\/www.cerpeg.fr\/bcpagora\/wp-json\/wp\/v2\/comments?post=513"}],"version-history":[{"count":36,"href":"https:\/\/www.cerpeg.fr\/bcpagora\/wp-json\/wp\/v2\/pages\/513\/revisions"}],"predecessor-version":[{"id":745,"href":"https:\/\/www.cerpeg.fr\/bcpagora\/wp-json\/wp\/v2\/pages\/513\/revisions\/745"}],"wp:attachment":[{"href":"https:\/\/www.cerpeg.fr\/bcpagora\/wp-json\/wp\/v2\/media?parent=513"}],"curies":[{"name":"wp","href":"https:\/\/api.w.org\/{rel}","templated":true}]}}