{"id":516,"date":"2021-02-22T17:32:07","date_gmt":"2021-02-22T16:32:07","guid":{"rendered":"http:\/\/www.cerpeg.fr\/bcpagora\/?page_id=139"},"modified":"2022-02-13T09:26:32","modified_gmt":"2022-02-13T08:26:32","slug":"bloc-1","status":"publish","type":"page","link":"https:\/\/www.cerpeg.fr\/bcpmcv\/bloc-1\/","title":{"rendered":"Groupe de comp\u00e9tences 1 &#8211; Conseiller et vendre"},"content":{"rendered":"\n<h2 class=\"wp-block-heading\" id=\"conseiller-et-vendre\">Conseiller et vendre<\/h2>\n\n\n\n<figure class=\"wp-block-image size-large\"><img loading=\"lazy\" decoding=\"async\" width=\"700\" height=\"10\" src=\"https:\/\/www.cerpeg.fr\/bcpmcv\/wp-content\/uploads\/2021\/02\/agora-trait.png\" alt=\"\" class=\"wp-image-117\" srcset=\"https:\/\/www.cerpeg.fr\/bcpmcv\/wp-content\/uploads\/2021\/02\/agora-trait.png 700w, https:\/\/www.cerpeg.fr\/bcpmcv\/wp-content\/uploads\/2021\/02\/agora-trait-300x4.png 300w, https:\/\/www.cerpeg.fr\/bcpmcv\/wp-content\/uploads\/2021\/02\/agora-trait-450x6.png 450w\" sizes=\"(max-width: 700px) 100vw, 700px\" \/><\/figure>\n\n\n\n<div class=\"wp-block-group\"><div class=\"wp-block-group__inner-container is-layout-flow wp-block-group-is-layout-flow\">\n<div class=\"wp-block-columns are-vertically-aligned-center is-layout-flex wp-container-core-columns-is-layout-1 wp-block-columns-is-layout-flex\">\n<div class=\"wp-block-column is-vertically-aligned-center is-layout-flow wp-block-column-is-layout-flow\" style=\"flex-basis:100%\">\n<div class=\"wp-block-group\"><div class=\"wp-block-group__inner-container is-layout-flow wp-block-group-is-layout-flow\">\n<p>Le titulaire du baccalaur\u00e9at professionnel \u00ab M\u00e9tiers du commerce et de la vente \u00bb assure des missions qui rel\u00e8vent de la vente de biens et\/ou de services en unit\u00e9 commerciale physique ou \u00e0 distance, en visite de client\u00e8le ou encore \u00e0 distance, et qui se d\u00e9roulent dans un cadre omnicanal, juridique et r\u00e8glementaire.<\/p>\n\n\n\n<!--more-->\n\n\n\n<p><br>Dans ce contexte, ce dernier dispose :<br>\u2013 du catalogue des produits et\/ou services avec leurs prix, leurs caract\u00e9ristiques, leurs conditions de vente et de r\u00e8glement,<br>\u2013 d\u2019\u00e9l\u00e9ments de la base de donn\u00e9es client,<br>\u2013 d\u2019un argumentaire \u00e9tabli par l\u2019entreprise,<br>\u2013 d\u2019outils de communication vari\u00e9s et de canaux de vente diversifi\u00e9s,<br>\u2013 d\u2019\u00e9l\u00e9ments de pr\u00e9sentation de son entreprise ou de son activit\u00e9,<br>\u2013 de consignes et proc\u00e9dures, de guides internes, d\u2019objectifs fix\u00e9s, de contraintes de temps<\/p>\n<\/div><\/div>\n<\/div>\n<\/div>\n<\/div><\/div>\n\n\n\n<div class=\"wp-block-group alignwide\"><div class=\"wp-block-group__inner-container is-layout-flow wp-block-group-is-layout-flow\"><\/div><\/div>\n\n\n\n<div class=\"wp-block-buttons is-layout-flex wp-block-buttons-is-layout-flex\">\n<div class=\"wp-block-button\"><a class=\"wp-block-button__link has-white-color has-vivid-cyan-blue-background-color has-text-color has-background\" href=\"https:\/\/www.cerpeg.fr\/bcpmcv\/1-1-assurer-la-veille-commerciale\/\" target=\"_blank\" rel=\"noreferrer noopener\">1.1 Assurer la veille commerciale<\/a><\/div>\n<\/div>\n\n\n\n<p>.<\/p>\n\n\n\n<div class=\"wp-block-buttons is-layout-flex wp-block-buttons-is-layout-flex\">\n<div class=\"wp-block-button\"><a class=\"wp-block-button__link has-white-color has-vivid-cyan-blue-background-color has-text-color has-background\" href=\"https:\/\/www.cerpeg.fr\/bcpmcv\/1-2-realiser-la-vente-dans-un-cadre-omnicanal\/\" target=\"_blank\" rel=\"noreferrer noopener\">1.2. R\u00e9aliser la vente dans un cadre omnicanal<\/a><\/div>\n<\/div>\n\n\n\n<p>.<\/p>\n\n\n\n<div class=\"wp-block-buttons is-layout-flex wp-block-buttons-is-layout-flex\">\n<div class=\"wp-block-button\"><a class=\"wp-block-button__link has-white-color has-vivid-cyan-blue-background-color has-text-color has-background\" href=\"https:\/\/www.cerpeg.fr\/bcpmcv\/1-3-assurer-lexecution-de-la-vente\/\" target=\"_blank\" rel=\"noreferrer noopener\">1.3. Assurer l\u2019ex\u00e9cution de la vente<\/a><\/div>\n<\/div>\n\n\n\n<p>.<\/p>\n\n\n\n<div class=\"wp-block-buttons is-layout-flex wp-block-buttons-is-layout-flex\"><\/div>\n\n\n\n<div class=\"wp-block-buttons is-layout-flex wp-block-buttons-is-layout-flex\">\n<div class=\"wp-block-button\"><a class=\"wp-block-button__link has-white-color has-luminous-vivid-amber-background-color has-text-color has-background\" href=\"https:\/\/www.cerpeg.fr\/bcpmcv\/criteres-devaluation\/\" target=\"_blank\" rel=\"noreferrer noopener\">Crit\u00e8res d&rsquo;\u00e9valuation<\/a><\/div>\n<\/div>\n\n\n\n<p>.<\/p>\n\n\n\n<div class=\"wp-block-buttons is-layout-flex wp-block-buttons-is-layout-flex\">\n<div class=\"wp-block-button\"><a class=\"wp-block-button__link has-white-color has-luminous-vivid-amber-background-color has-text-color has-background\" href=\"https:\/\/www.cerpeg.fr\/bcpmcv\/savoirs-limites-des-savoirs\/\" target=\"_blank\" rel=\"noreferrer noopener\">Savoirs &amp; limites des savoirs<\/a><\/div>\n<\/div>\n","protected":false},"excerpt":{"rendered":"<p>Conseiller et vendre Le titulaire du baccalaur\u00e9at professionnel \u00ab M\u00e9tiers du commerce et de la vente \u00bb assure des missions qui rel\u00e8vent de la vente de biens et\/ou de services en unit\u00e9 commerciale physique ou \u00e0 distance, en visite de client\u00e8le ou encore \u00e0 distance, et qui se d\u00e9roulent dans un cadre omnicanal, juridique et [&hellip;]<\/p>\n","protected":false},"author":1,"featured_media":194,"parent":0,"menu_order":0,"comment_status":"closed","ping_status":"closed","template":"","meta":{"footnotes":""},"_links":{"self":[{"href":"https:\/\/www.cerpeg.fr\/bcpmcv\/wp-json\/wp\/v2\/pages\/516"}],"collection":[{"href":"https:\/\/www.cerpeg.fr\/bcpmcv\/wp-json\/wp\/v2\/pages"}],"about":[{"href":"https:\/\/www.cerpeg.fr\/bcpmcv\/wp-json\/wp\/v2\/types\/page"}],"author":[{"embeddable":true,"href":"https:\/\/www.cerpeg.fr\/bcpmcv\/wp-json\/wp\/v2\/users\/1"}],"replies":[{"embeddable":true,"href":"https:\/\/www.cerpeg.fr\/bcpmcv\/wp-json\/wp\/v2\/comments?post=516"}],"version-history":[{"count":17,"href":"https:\/\/www.cerpeg.fr\/bcpmcv\/wp-json\/wp\/v2\/pages\/516\/revisions"}],"predecessor-version":[{"id":1004,"href":"https:\/\/www.cerpeg.fr\/bcpmcv\/wp-json\/wp\/v2\/pages\/516\/revisions\/1004"}],"wp:featuredmedia":[{"embeddable":true,"href":"https:\/\/www.cerpeg.fr\/bcpmcv\/wp-json\/wp\/v2\/media\/194"}],"wp:attachment":[{"href":"https:\/\/www.cerpeg.fr\/bcpmcv\/wp-json\/wp\/v2\/media?parent=516"}],"curies":[{"name":"wp","href":"https:\/\/api.w.org\/{rel}","templated":true}]}}

Groupe de compétences 1 &#8211; Conseiller et vendre

<h2 class="wp-block-heading" id="conseiller-et-vendre">Conseiller et vendre</h2>



<figure class="wp-block-image size-large"><img loading="lazy" decoding="async" width="700" height="10" src="https://www.cerpeg.fr/bcpmcv/wp-content/uploads/2021/02/agora-trait.png" alt="" class="wp-image-117" srcset="https://www.cerpeg.fr/bcpmcv/wp-content/uploads/2021/02/agora-trait.png 700w, https://www.cerpeg.fr/bcpmcv/wp-content/uploads/2021/02/agora-trait-300x4.png 300w, https://www.cerpeg.fr/bcpmcv/wp-content/uploads/2021/02/agora-trait-450x6.png 450w" sizes="(max-width: 700px) 100vw, 700px" /></figure>



<div class="wp-block-group"><div class="wp-block-group__inner-container is-layout-flow wp-block-group-is-layout-flow">
<div class="wp-block-columns are-vertically-aligned-center is-layout-flex wp-container-core-columns-is-layout-1 wp-block-columns-is-layout-flex">
<div class="wp-block-column is-vertically-aligned-center is-layout-flow wp-block-column-is-layout-flow" style="flex-basis:100%">
<div class="wp-block-group"><div class="wp-block-group__inner-container is-layout-flow wp-block-group-is-layout-flow">
<p>Le titulaire du baccalauréat professionnel « Métiers du commerce et de la vente » assure des missions qui relèvent de la vente de biens et/ou de services en unité commerciale physique ou à distance, en visite de clientèle ou encore à distance, et qui se déroulent dans un cadre omnicanal, juridique et règlementaire.</p>



<!--more-->



<p><br>Dans ce contexte, ce dernier dispose :<br>– du catalogue des produits et/ou services avec leurs prix, leurs caractéristiques, leurs conditions de vente et de règlement,<br>– d’éléments de la base de données client,<br>– d’un argumentaire établi par l’entreprise,<br>– d’outils de communication variés et de canaux de vente diversifiés,<br>– d’éléments de présentation de son entreprise ou de son activité,<br>– de consignes et procédures, de guides internes, d’objectifs fixés, de contraintes de temps</p>
</div></div>
</div>
</div>
</div></div>



<div class="wp-block-group alignwide"><div class="wp-block-group__inner-container is-layout-flow wp-block-group-is-layout-flow"></div></div>



<div class="wp-block-buttons is-layout-flex wp-block-buttons-is-layout-flex">
<div class="wp-block-button"><a class="wp-block-button__link has-white-color has-vivid-cyan-blue-background-color has-text-color has-background" href="https://www.cerpeg.fr/bcpmcv/1-1-assurer-la-veille-commerciale/" target="_blank" rel="noreferrer noopener">1.1 Assurer la veille commerciale</a></div>
</div>



<p>.</p>



<div class="wp-block-buttons is-layout-flex wp-block-buttons-is-layout-flex">
<div class="wp-block-button"><a class="wp-block-button__link has-white-color has-vivid-cyan-blue-background-color has-text-color has-background" href="https://www.cerpeg.fr/bcpmcv/1-2-realiser-la-vente-dans-un-cadre-omnicanal/" target="_blank" rel="noreferrer noopener">1.2. Réaliser la vente dans un cadre omnicanal</a></div>
</div>



<p>.</p>



<div class="wp-block-buttons is-layout-flex wp-block-buttons-is-layout-flex">
<div class="wp-block-button"><a class="wp-block-button__link has-white-color has-vivid-cyan-blue-background-color has-text-color has-background" href="https://www.cerpeg.fr/bcpmcv/1-3-assurer-lexecution-de-la-vente/" target="_blank" rel="noreferrer noopener">1.3. Assurer l’exécution de la vente</a></div>
</div>



<p>.</p>



<div class="wp-block-buttons is-layout-flex wp-block-buttons-is-layout-flex"></div>



<div class="wp-block-buttons is-layout-flex wp-block-buttons-is-layout-flex">
<div class="wp-block-button"><a class="wp-block-button__link has-white-color has-luminous-vivid-amber-background-color has-text-color has-background" href="https://www.cerpeg.fr/bcpmcv/criteres-devaluation/" target="_blank" rel="noreferrer noopener">Critères d&rsquo;évaluation</a></div>
</div>



<p>.</p>



<div class="wp-block-buttons is-layout-flex wp-block-buttons-is-layout-flex">
<div class="wp-block-button"><a class="wp-block-button__link has-white-color has-luminous-vivid-amber-background-color has-text-color has-background" href="https://www.cerpeg.fr/bcpmcv/savoirs-limites-des-savoirs/" target="_blank" rel="noreferrer noopener">Savoirs &amp; limites des savoirs</a></div>
</div>

<p>Conseiller et vendre Le titulaire du baccalauréat professionnel « Métiers du commerce et de la vente » assure des missions qui relèvent de la vente de biens et/ou de services en unité commerciale physique ou à distance, en visite de clientèle ou encore à distance, et qui se déroulent dans un cadre omnicanal, juridique et [&hellip;]</p>
