{"id":582,"date":"2021-02-25T13:30:10","date_gmt":"2021-02-25T12:30:10","guid":{"rendered":"http:\/\/www.cerpeg.fr\/bcpmcv\/?page_id=582"},"modified":"2021-02-27T17:26:44","modified_gmt":"2021-02-27T16:26:44","slug":"activite-4-b-prospection-et-valorisation-de-loffre-commerciale","status":"publish","type":"page","link":"https:\/\/www.cerpeg.fr\/bcpmcv\/activite-4-b-prospection-et-valorisation-de-loffre-commerciale\/","title":{"rendered":"Activit\u00e9 4 B &#8211; Prospection et valorisation de l\u2019offre commerciale"},"content":{"rendered":"\n<div class=\"wp-block-buttons alignright is-layout-flex wp-block-buttons-is-layout-flex\">\n<div class=\"wp-block-button is-style-fill\"><a class=\"wp-block-button__link has-vivid-cyan-blue-background-color has-background\" href=\"https:\/\/www.cerpeg.fr\/bcpmcv\/category\/bloc\/groupe-4b-prospecter-et-valoriser-loffre-commerciale\/\" style=\"border-radius:28px\" target=\"_blank\" rel=\"noreferrer noopener\">R\u00e9f. de certification GROUPE 4B<\/a><\/div>\n<\/div>\n\n\n\n<div style=\"height:18px\" aria-hidden=\"true\" class=\"wp-block-spacer\"><\/div>\n\n\n\n<h3 class=\"has-white-color has-pale-cyan-blue-background-color has-text-color has-background wp-block-heading\">T\u00e2ches<\/h3>\n\n\n\n<div style=\"height:15px\" aria-hidden=\"true\" class=\"wp-block-spacer\"><\/div>\n\n\n\n<ul><li>Exploitation et mise \u00e0 jour du syst\u00e8me d\u2019information commercial<\/li><li>Recherche et exploitation d\u2019informations externes<\/li><li>Participation \u00e0 l\u2019organisation de la prospection<\/li><li>R\u00e9alisation de la prospection<\/li><li>\u00c9valuation et analyse des r\u00e9sultats de la prospection<\/li><li>Exploitation des sites marchands et des r\u00e9seaux sociaux \u00e0 des fins commerciales<\/li><li>Actions de promotion (<em>show-room<\/em>, salons, mise en place du produit chez le client) et de pr\u00e9sentation de l\u2019offre commerciale<\/li><\/ul>\n\n\n\n<div style=\"height:44px\" aria-hidden=\"true\" class=\"wp-block-spacer\"><\/div>\n\n\n\n<h3 class=\"has-white-color has-pale-cyan-blue-background-color has-text-color has-background wp-block-heading\">Contexte professionnel<\/h3>\n\n\n\n<div style=\"height:22px\" aria-hidden=\"true\" class=\"wp-block-spacer\"><\/div>\n\n\n\n<h4 class=\"has-vivid-cyan-blue-color has-text-color wp-block-heading\">Ressources<\/h4>\n\n\n\n<ul><li>Base de donn\u00e9es des prospects,<\/li><li>Catalogue des produits et services offerts par l\u2019entreprise,<\/li><li>\u00c9l\u00e9ments de la communication de l\u2019entreprise,<\/li><li>Carte de visite,<\/li><li>\u00c9tudes et bases de donn\u00e9es publiques ou priv\u00e9es,<\/li><li>R\u00e8gles de droit sp\u00e9cifiques \u00e0 la relation client du secteur d\u2019activit\u00e9,<\/li><li>\u00c9chantillons,<\/li><li>Conditions g\u00e9n\u00e9rales de vente,<\/li><li>Syst\u00e8mes de navigation,<\/li><li>Plan d\u2019action,<\/li><li>Agenda,<\/li><li>Calendrier des manifestations commerciales,<\/li><li>Guide d\u2019entretien,<\/li><li>Informations disponibles concernant les entreprises cibl\u00e9es (dans le B to B),<\/li><li>Sch\u00e9ma d\u2019implantation de l\u2019offre produit et tout autre outil d\u2019aide \u00e0 la prospection,<\/li><li>Sites marchands, r\u00e9seaux sociaux et charte graphique,<\/li><\/ul>\n\n\n\n<p>Etc.<\/p>\n\n\n\n<div style=\"height:30px\" aria-hidden=\"true\" class=\"wp-block-spacer\"><\/div>\n\n\n\n<h4 class=\"has-vivid-cyan-blue-color has-text-color wp-block-heading\">Relations internes<\/h4>\n\n\n\n<ul><li>Hi\u00e9rarchiques : responsable des ventes, responsable commercial, etc.<\/li><li>Fonctionnelles : gestion des stocks, services communication, marketing, etc.<\/li><\/ul>\n\n\n\n<div style=\"height:23px\" aria-hidden=\"true\" class=\"wp-block-spacer\"><\/div>\n\n\n\n<h4 class=\"has-vivid-cyan-blue-color has-text-color wp-block-heading\">Relations externes<\/h4>\n\n\n\n<ul><li>Clients,<\/li><li>Prospects<\/li><li>Fournisseurs,<\/li><li>Mairies, collectivit\u00e9s territoriales,<\/li><li>Administrations,<\/li><li>Prestataires de services ou donneurs d\u2019ordre,<\/li><\/ul>\n\n\n\n<p>Etc.<\/p>\n\n\n\n<div style=\"height:24px\" aria-hidden=\"true\" class=\"wp-block-spacer\"><\/div>\n\n\n\n<h3 class=\"has-white-color has-pale-cyan-blue-background-color has-text-color has-background wp-block-heading\">R\u00e9sultats attendus<\/h3>\n\n\n\n<div style=\"height:24px\" aria-hidden=\"true\" class=\"wp-block-spacer\"><\/div>\n\n\n\n<ul><li>Un plan de prospection est \u00e9tabli et\/ou suivi,<\/li><li>Des supports de communication sont diffus\u00e9s,<\/li><li>La base de donn\u00e9es prospects est enrichie,<\/li><li>Les prospects sont qualifi\u00e9s,<\/li><li>Des besoins potentiels sont identifi\u00e9s,<\/li><li>Des rendez-vous sont pris ou des visites sont programm\u00e9es,<\/li><li>L\u2019entreprise, ses produits et\/ou services sont pr\u00e9sent\u00e9s aux prospects,<\/li><li>Le produit est mis en place chez le client (cas du <em>B to B<\/em>)<\/li><li>Les r\u00e9sultats de l\u2019action de prospection sont analys\u00e9s,<\/li><li>La communication num\u00e9rique est utilis\u00e9e de fa\u00e7on efficace,<\/li><li>L\u2019offre est pr\u00e9sent\u00e9e de fa\u00e7on attractive.<\/li><\/ul>\n","protected":false},"excerpt":{"rendered":"<p>T\u00e2ches Exploitation et mise \u00e0 jour du syst\u00e8me d\u2019information commercial Recherche et exploitation d\u2019informations externes Participation \u00e0 l\u2019organisation de la prospection R\u00e9alisation de la prospection \u00c9valuation et analyse des r\u00e9sultats de la prospection Exploitation des sites marchands et des r\u00e9seaux sociaux \u00e0 des fins commerciales Actions de promotion (show-room, salons, mise en place du produit [&hellip;]<\/p>\n","protected":false},"author":1,"featured_media":0,"parent":0,"menu_order":0,"comment_status":"closed","ping_status":"closed","template":"","meta":{"footnotes":""},"_links":{"self":[{"href":"https:\/\/www.cerpeg.fr\/bcpmcv\/wp-json\/wp\/v2\/pages\/582"}],"collection":[{"href":"https:\/\/www.cerpeg.fr\/bcpmcv\/wp-json\/wp\/v2\/pages"}],"about":[{"href":"https:\/\/www.cerpeg.fr\/bcpmcv\/wp-json\/wp\/v2\/types\/page"}],"author":[{"embeddable":true,"href":"https:\/\/www.cerpeg.fr\/bcpmcv\/wp-json\/wp\/v2\/users\/1"}],"replies":[{"embeddable":true,"href":"https:\/\/www.cerpeg.fr\/bcpmcv\/wp-json\/wp\/v2\/comments?post=582"}],"version-history":[{"count":5,"href":"https:\/\/www.cerpeg.fr\/bcpmcv\/wp-json\/wp\/v2\/pages\/582\/revisions"}],"predecessor-version":[{"id":736,"href":"https:\/\/www.cerpeg.fr\/bcpmcv\/wp-json\/wp\/v2\/pages\/582\/revisions\/736"}],"wp:attachment":[{"href":"https:\/\/www.cerpeg.fr\/bcpmcv\/wp-json\/wp\/v2\/media?parent=582"}],"curies":[{"name":"wp","href":"https:\/\/api.w.org\/{rel}","templated":true}]}}

Activité 4 B &#8211; Prospection et valorisation de l’offre commerciale

<div class="wp-block-buttons alignright is-layout-flex wp-block-buttons-is-layout-flex">
<div class="wp-block-button is-style-fill"><a class="wp-block-button__link has-vivid-cyan-blue-background-color has-background" href="https://www.cerpeg.fr/bcpmcv/category/bloc/groupe-4b-prospecter-et-valoriser-loffre-commerciale/" style="border-radius:28px" target="_blank" rel="noreferrer noopener">Réf. de certification GROUPE 4B</a></div>
</div>



<div style="height:18px" aria-hidden="true" class="wp-block-spacer"></div>



<h3 class="has-white-color has-pale-cyan-blue-background-color has-text-color has-background wp-block-heading">Tâches</h3>



<div style="height:15px" aria-hidden="true" class="wp-block-spacer"></div>



<ul><li>Exploitation et mise à jour du système d’information commercial</li><li>Recherche et exploitation d’informations externes</li><li>Participation à l’organisation de la prospection</li><li>Réalisation de la prospection</li><li>Évaluation et analyse des résultats de la prospection</li><li>Exploitation des sites marchands et des réseaux sociaux à des fins commerciales</li><li>Actions de promotion (<em>show-room</em>, salons, mise en place du produit chez le client) et de présentation de l’offre commerciale</li></ul>



<div style="height:44px" aria-hidden="true" class="wp-block-spacer"></div>



<h3 class="has-white-color has-pale-cyan-blue-background-color has-text-color has-background wp-block-heading">Contexte professionnel</h3>



<div style="height:22px" aria-hidden="true" class="wp-block-spacer"></div>



<h4 class="has-vivid-cyan-blue-color has-text-color wp-block-heading">Ressources</h4>



<ul><li>Base de données des prospects,</li><li>Catalogue des produits et services offerts par l’entreprise,</li><li>Éléments de la communication de l’entreprise,</li><li>Carte de visite,</li><li>Études et bases de données publiques ou privées,</li><li>Règles de droit spécifiques à la relation client du secteur d’activité,</li><li>Échantillons,</li><li>Conditions générales de vente,</li><li>Systèmes de navigation,</li><li>Plan d’action,</li><li>Agenda,</li><li>Calendrier des manifestations commerciales,</li><li>Guide d’entretien,</li><li>Informations disponibles concernant les entreprises ciblées (dans le B to B),</li><li>Schéma d’implantation de l’offre produit et tout autre outil d’aide à la prospection,</li><li>Sites marchands, réseaux sociaux et charte graphique,</li></ul>



<p>Etc.</p>



<div style="height:30px" aria-hidden="true" class="wp-block-spacer"></div>



<h4 class="has-vivid-cyan-blue-color has-text-color wp-block-heading">Relations internes</h4>



<ul><li>Hiérarchiques : responsable des ventes, responsable commercial, etc.</li><li>Fonctionnelles : gestion des stocks, services communication, marketing, etc.</li></ul>



<div style="height:23px" aria-hidden="true" class="wp-block-spacer"></div>



<h4 class="has-vivid-cyan-blue-color has-text-color wp-block-heading">Relations externes</h4>



<ul><li>Clients,</li><li>Prospects</li><li>Fournisseurs,</li><li>Mairies, collectivités territoriales,</li><li>Administrations,</li><li>Prestataires de services ou donneurs d’ordre,</li></ul>



<p>Etc.</p>



<div style="height:24px" aria-hidden="true" class="wp-block-spacer"></div>



<h3 class="has-white-color has-pale-cyan-blue-background-color has-text-color has-background wp-block-heading">Résultats attendus</h3>



<div style="height:24px" aria-hidden="true" class="wp-block-spacer"></div>



<ul><li>Un plan de prospection est établi et/ou suivi,</li><li>Des supports de communication sont diffusés,</li><li>La base de données prospects est enrichie,</li><li>Les prospects sont qualifiés,</li><li>Des besoins potentiels sont identifiés,</li><li>Des rendez-vous sont pris ou des visites sont programmées,</li><li>L’entreprise, ses produits et/ou services sont présentés aux prospects,</li><li>Le produit est mis en place chez le client (cas du <em>B to B</em>)</li><li>Les résultats de l’action de prospection sont analysés,</li><li>La communication numérique est utilisée de façon efficace,</li><li>L’offre est présentée de façon attractive.</li></ul>

<p>Tâches Exploitation et mise à jour du système d’information commercial Recherche et exploitation d’informations externes Participation à l’organisation de la prospection Réalisation de la prospection Évaluation et analyse des résultats de la prospection Exploitation des sites marchands et des réseaux sociaux à des fins commerciales Actions de promotion (show-room, salons, mise en place du produit [&hellip;]</p>
