{"id":760,"date":"2021-02-27T17:57:56","date_gmt":"2021-02-27T16:57:56","guid":{"rendered":"http:\/\/www.cerpeg.fr\/bcpmcv\/?page_id=760"},"modified":"2022-02-13T09:33:04","modified_gmt":"2022-02-13T08:33:04","slug":"groupe-de-competences-4b-prospecter-et-valoriser-loffre-commerciale-2","status":"publish","type":"page","link":"https:\/\/www.cerpeg.fr\/bcpmcv\/groupe-de-competences-4b-prospecter-et-valoriser-loffre-commerciale-2\/","title":{"rendered":"Groupe de comp\u00e9tences 4B \u2013 Prospecter et valoriser l\u2019offre commerciale"},"content":{"rendered":"\n<h2 class=\"wp-block-heading\" id=\"prospecter-et-valoriser-l-offre-commerciale\">Prospecter et valoriser l\u2019offre commerciale<\/h2>\n\n\n\n<figure class=\"wp-block-image size-large\"><img loading=\"lazy\" decoding=\"async\" width=\"700\" height=\"10\" src=\"https:\/\/www.cerpeg.fr\/bcpmcv\/wp-content\/uploads\/2021\/02\/agora-trait.png\" alt=\"\" class=\"wp-image-117\" srcset=\"https:\/\/www.cerpeg.fr\/bcpmcv\/wp-content\/uploads\/2021\/02\/agora-trait.png 700w, https:\/\/www.cerpeg.fr\/bcpmcv\/wp-content\/uploads\/2021\/02\/agora-trait-300x4.png 300w, https:\/\/www.cerpeg.fr\/bcpmcv\/wp-content\/uploads\/2021\/02\/agora-trait-450x6.png 450w\" sizes=\"(max-width: 700px) 100vw, 700px\" \/><\/figure>\n\n\n\n<div class=\"wp-block-group\"><div class=\"wp-block-group__inner-container is-layout-flow wp-block-group-is-layout-flow\">\n<div class=\"wp-block-columns are-vertically-aligned-center is-layout-flex wp-container-core-columns-is-layout-1 wp-block-columns-is-layout-flex\">\n<div class=\"wp-block-column is-vertically-aligned-center is-layout-flow wp-block-column-is-layout-flow\" style=\"flex-basis:100%\">\n<p>Le titulaire du baccalaur\u00e9at professionnel \u00ab M\u00e9tiers du commerce et de la vente \u00bb option<br>\u00ab Prospection client\u00e8le et valorisation de l\u2019offre commerciale \u00bb est en charge de l\u2019organisation et de la r\u00e9alisation d\u2019op\u00e9rations de prospection ayant pour objectifs d\u2019alimenter ou de qualifier un portefeuille de prospects et d\u2019augmenter la notori\u00e9t\u00e9 de l\u2019entreprise en vue de la r\u00e9alisation de ventes. Les actions de prospection peuvent avoir lieu en face-\u00e0-face ou \u00e0 distance selon les conditions. Le titulaire du baccalaur\u00e9at professionnel \u00ab M\u00e9tiers du commerce de la vente \u00bb option \u00ab Prospection client\u00e8le et valorisation de l\u2019offre commerciale \u00bb peut \u00eatre \u00e9galement conduit \u00e0 valoriser l\u2019offre de son entreprise dans des contextes vari\u00e9s (foires et salons, showrooms\u2026).<\/p>\n\n\n\n<!--more-->\n\n\n\n<p><br>Dans ce contexte et en tenant compte des contraintes, ce dernier dispose :<br>\u2013 des \u00e9l\u00e9ments de la base de donn\u00e9es clients et prospects,<br>\u2013 d\u2019outils de communication vari\u00e9s,<br>\u2013 d\u2019outils num\u00e9riques,<br>\u2013 de cartes g\u00e9ographiques, plans de ville\u2026,<br>\u2013 de supports et d\u2019outils de pr\u00e9sentation de l\u2019entreprise, de ses produits et\/ou de ses services,<br>\u2013 d\u2019outils de prospection : plan de tourn\u00e9e, plan d\u2019appel et argumentaires,<br>\u2013 d\u2019objectifs pr\u00e9cis, de recommandations.<\/p>\n\n\n\n<div class=\"wp-block-group\"><div class=\"wp-block-group__inner-container is-layout-flow wp-block-group-is-layout-flow\"><\/div><\/div>\n<\/div>\n<\/div>\n<\/div><\/div>\n\n\n\n<div class=\"wp-block-group alignwide\"><div class=\"wp-block-group__inner-container is-layout-flow wp-block-group-is-layout-flow\"><\/div><\/div>\n\n\n\n<div class=\"wp-block-buttons is-layout-flex wp-block-buttons-is-layout-flex\">\n<div class=\"wp-block-button\"><a class=\"wp-block-button__link has-white-color has-vivid-cyan-blue-background-color has-text-color has-background\" href=\"https:\/\/www.cerpeg.fr\/bcpmcv\/4-2b-rechercher-et-analyser-les-informations-a-des-fins-dexploitation\/\" target=\"_blank\" rel=\"noreferrer noopener\">4.1B Rechercher et analyser les informations \u00e0 des fins d\u2019exploitation<\/a><\/div>\n<\/div>\n\n\n\n<p>.<\/p>\n\n\n\n<div class=\"wp-block-buttons is-layout-flex wp-block-buttons-is-layout-flex\">\n<div class=\"wp-block-button\"><a class=\"wp-block-button__link has-white-color has-vivid-cyan-blue-background-color has-text-color has-background\" href=\"https:\/\/www.cerpeg.fr\/bcpmcv\/4-2-participer-a-la-conception-dune-operation-de-prospection\/\" target=\"_blank\" rel=\"noreferrer noopener\">4.2B Participer \u00e0 la conception d\u2019une op\u00e9ration de prospection<\/a><\/div>\n<\/div>\n\n\n\n<div class=\"wp-block-group\"><div class=\"wp-block-group__inner-container is-layout-flow wp-block-group-is-layout-flow\">\n<div class=\"wp-block-buttons is-layout-flex wp-block-buttons-is-layout-flex\"><\/div>\n<\/div><\/div>\n\n\n\n<p>.<\/p>\n\n\n\n<div class=\"wp-block-buttons is-layout-flex wp-block-buttons-is-layout-flex\">\n<div class=\"wp-block-button\"><a class=\"wp-block-button__link has-white-color has-vivid-cyan-blue-background-color has-text-color has-background\" href=\"https:\/\/www.cerpeg.fr\/bcpmcv\/4-3-mettre-en-oeuvre-une-operation-de-prospection\/\" target=\"_blank\" rel=\"noreferrer noopener\">4.3B Mettre en \u0153uvre une op\u00e9ration de prospection<\/a><\/div>\n<\/div>\n\n\n\n<p>.<\/p>\n\n\n\n<div class=\"wp-block-buttons is-layout-flex wp-block-buttons-is-layout-flex\">\n<div class=\"wp-block-button\"><a class=\"wp-block-button__link has-white-color has-vivid-cyan-blue-background-color has-text-color has-background\" href=\"https:\/\/www.cerpeg.fr\/bcpmcv\/4-4-suivre-et-evaluer-laction-de-prospection\/\" target=\"_blank\" rel=\"noreferrer noopener\">4.4B Suivre et \u00e9valuer l\u2019action de prospection<\/a><\/div>\n<\/div>\n\n\n\n<p>.<\/p>\n\n\n\n<div class=\"wp-block-buttons is-layout-flex wp-block-buttons-is-layout-flex\">\n<div class=\"wp-block-button\"><a class=\"wp-block-button__link has-white-color has-vivid-cyan-blue-background-color has-text-color has-background\" href=\"https:\/\/www.cerpeg.fr\/bcpmcv\/4-5-valoriser-les-produits-et-ou-les-services\/\" target=\"_blank\" rel=\"noreferrer noopener\">4.5B Valoriser les produits et\/ou les services<\/a><\/div>\n<\/div>\n\n\n\n<p>.<\/p>\n\n\n\n<div class=\"wp-block-buttons is-layout-flex wp-block-buttons-is-layout-flex\">\n<div class=\"wp-block-button\"><a class=\"wp-block-button__link has-white-color has-luminous-vivid-amber-background-color has-text-color has-background\" href=\"https:\/\/www.cerpeg.fr\/bcpmcv\/criteres-devaluation-5\/\" target=\"_blank\" rel=\"noreferrer noopener\">Crit\u00e8res d&rsquo;\u00e9valuation<\/a><\/div>\n<\/div>\n\n\n\n<p>.<\/p>\n\n\n\n<div class=\"wp-block-buttons is-layout-flex wp-block-buttons-is-layout-flex\">\n<div class=\"wp-block-button\"><a class=\"wp-block-button__link has-white-color has-luminous-vivid-amber-background-color has-text-color has-background\" href=\"https:\/\/www.cerpeg.fr\/bcpmcv\/savoirs-limites-des-savoirs-5\/\" target=\"_blank\" rel=\"noreferrer noopener\">Savoirs &amp; limites des savoirs<\/a><\/div>\n<\/div>\n","protected":false},"excerpt":{"rendered":"<p>Prospecter et valoriser l\u2019offre commerciale Le titulaire du baccalaur\u00e9at professionnel \u00ab M\u00e9tiers du commerce et de la vente \u00bb option\u00ab Prospection client\u00e8le et valorisation de l\u2019offre commerciale \u00bb est en charge de l\u2019organisation et de la r\u00e9alisation d\u2019op\u00e9rations de prospection ayant pour objectifs d\u2019alimenter ou de qualifier un portefeuille de prospects et d\u2019augmenter la notori\u00e9t\u00e9 [&hellip;]<\/p>\n","protected":false},"author":1,"featured_media":194,"parent":0,"menu_order":0,"comment_status":"closed","ping_status":"closed","template":"","meta":{"footnotes":""},"_links":{"self":[{"href":"https:\/\/www.cerpeg.fr\/bcpmcv\/wp-json\/wp\/v2\/pages\/760"}],"collection":[{"href":"https:\/\/www.cerpeg.fr\/bcpmcv\/wp-json\/wp\/v2\/pages"}],"about":[{"href":"https:\/\/www.cerpeg.fr\/bcpmcv\/wp-json\/wp\/v2\/types\/page"}],"author":[{"embeddable":true,"href":"https:\/\/www.cerpeg.fr\/bcpmcv\/wp-json\/wp\/v2\/users\/1"}],"replies":[{"embeddable":true,"href":"https:\/\/www.cerpeg.fr\/bcpmcv\/wp-json\/wp\/v2\/comments?post=760"}],"version-history":[{"count":12,"href":"https:\/\/www.cerpeg.fr\/bcpmcv\/wp-json\/wp\/v2\/pages\/760\/revisions"}],"predecessor-version":[{"id":1012,"href":"https:\/\/www.cerpeg.fr\/bcpmcv\/wp-json\/wp\/v2\/pages\/760\/revisions\/1012"}],"wp:featuredmedia":[{"embeddable":true,"href":"https:\/\/www.cerpeg.fr\/bcpmcv\/wp-json\/wp\/v2\/media\/194"}],"wp:attachment":[{"href":"https:\/\/www.cerpeg.fr\/bcpmcv\/wp-json\/wp\/v2\/media?parent=760"}],"curies":[{"name":"wp","href":"https:\/\/api.w.org\/{rel}","templated":true}]}}

Groupe de compétences 4B – Prospecter et valoriser l’offre commerciale

<h2 class="wp-block-heading" id="prospecter-et-valoriser-l-offre-commerciale">Prospecter et valoriser l’offre commerciale</h2>



<figure class="wp-block-image size-large"><img loading="lazy" decoding="async" width="700" height="10" src="https://www.cerpeg.fr/bcpmcv/wp-content/uploads/2021/02/agora-trait.png" alt="" class="wp-image-117" srcset="https://www.cerpeg.fr/bcpmcv/wp-content/uploads/2021/02/agora-trait.png 700w, https://www.cerpeg.fr/bcpmcv/wp-content/uploads/2021/02/agora-trait-300x4.png 300w, https://www.cerpeg.fr/bcpmcv/wp-content/uploads/2021/02/agora-trait-450x6.png 450w" sizes="(max-width: 700px) 100vw, 700px" /></figure>



<div class="wp-block-group"><div class="wp-block-group__inner-container is-layout-flow wp-block-group-is-layout-flow">
<div class="wp-block-columns are-vertically-aligned-center is-layout-flex wp-container-core-columns-is-layout-1 wp-block-columns-is-layout-flex">
<div class="wp-block-column is-vertically-aligned-center is-layout-flow wp-block-column-is-layout-flow" style="flex-basis:100%">
<p>Le titulaire du baccalauréat professionnel « Métiers du commerce et de la vente » option<br>« Prospection clientèle et valorisation de l’offre commerciale » est en charge de l’organisation et de la réalisation d’opérations de prospection ayant pour objectifs d’alimenter ou de qualifier un portefeuille de prospects et d’augmenter la notoriété de l’entreprise en vue de la réalisation de ventes. Les actions de prospection peuvent avoir lieu en face-à-face ou à distance selon les conditions. Le titulaire du baccalauréat professionnel « Métiers du commerce de la vente » option « Prospection clientèle et valorisation de l’offre commerciale » peut être également conduit à valoriser l’offre de son entreprise dans des contextes variés (foires et salons, showrooms…).</p>



<!--more-->



<p><br>Dans ce contexte et en tenant compte des contraintes, ce dernier dispose :<br>– des éléments de la base de données clients et prospects,<br>– d’outils de communication variés,<br>– d’outils numériques,<br>– de cartes géographiques, plans de ville…,<br>– de supports et d’outils de présentation de l’entreprise, de ses produits et/ou de ses services,<br>– d’outils de prospection : plan de tournée, plan d’appel et argumentaires,<br>– d’objectifs précis, de recommandations.</p>



<div class="wp-block-group"><div class="wp-block-group__inner-container is-layout-flow wp-block-group-is-layout-flow"></div></div>
</div>
</div>
</div></div>



<div class="wp-block-group alignwide"><div class="wp-block-group__inner-container is-layout-flow wp-block-group-is-layout-flow"></div></div>



<div class="wp-block-buttons is-layout-flex wp-block-buttons-is-layout-flex">
<div class="wp-block-button"><a class="wp-block-button__link has-white-color has-vivid-cyan-blue-background-color has-text-color has-background" href="https://www.cerpeg.fr/bcpmcv/4-2b-rechercher-et-analyser-les-informations-a-des-fins-dexploitation/" target="_blank" rel="noreferrer noopener">4.1B Rechercher et analyser les informations à des fins d’exploitation</a></div>
</div>



<p>.</p>



<div class="wp-block-buttons is-layout-flex wp-block-buttons-is-layout-flex">
<div class="wp-block-button"><a class="wp-block-button__link has-white-color has-vivid-cyan-blue-background-color has-text-color has-background" href="https://www.cerpeg.fr/bcpmcv/4-2-participer-a-la-conception-dune-operation-de-prospection/" target="_blank" rel="noreferrer noopener">4.2B Participer à la conception d’une opération de prospection</a></div>
</div>



<div class="wp-block-group"><div class="wp-block-group__inner-container is-layout-flow wp-block-group-is-layout-flow">
<div class="wp-block-buttons is-layout-flex wp-block-buttons-is-layout-flex"></div>
</div></div>



<p>.</p>



<div class="wp-block-buttons is-layout-flex wp-block-buttons-is-layout-flex">
<div class="wp-block-button"><a class="wp-block-button__link has-white-color has-vivid-cyan-blue-background-color has-text-color has-background" href="https://www.cerpeg.fr/bcpmcv/4-3-mettre-en-oeuvre-une-operation-de-prospection/" target="_blank" rel="noreferrer noopener">4.3B Mettre en œuvre une opération de prospection</a></div>
</div>



<p>.</p>



<div class="wp-block-buttons is-layout-flex wp-block-buttons-is-layout-flex">
<div class="wp-block-button"><a class="wp-block-button__link has-white-color has-vivid-cyan-blue-background-color has-text-color has-background" href="https://www.cerpeg.fr/bcpmcv/4-4-suivre-et-evaluer-laction-de-prospection/" target="_blank" rel="noreferrer noopener">4.4B Suivre et évaluer l’action de prospection</a></div>
</div>



<p>.</p>



<div class="wp-block-buttons is-layout-flex wp-block-buttons-is-layout-flex">
<div class="wp-block-button"><a class="wp-block-button__link has-white-color has-vivid-cyan-blue-background-color has-text-color has-background" href="https://www.cerpeg.fr/bcpmcv/4-5-valoriser-les-produits-et-ou-les-services/" target="_blank" rel="noreferrer noopener">4.5B Valoriser les produits et/ou les services</a></div>
</div>



<p>.</p>



<div class="wp-block-buttons is-layout-flex wp-block-buttons-is-layout-flex">
<div class="wp-block-button"><a class="wp-block-button__link has-white-color has-luminous-vivid-amber-background-color has-text-color has-background" href="https://www.cerpeg.fr/bcpmcv/criteres-devaluation-5/" target="_blank" rel="noreferrer noopener">Critères d&rsquo;évaluation</a></div>
</div>



<p>.</p>



<div class="wp-block-buttons is-layout-flex wp-block-buttons-is-layout-flex">
<div class="wp-block-button"><a class="wp-block-button__link has-white-color has-luminous-vivid-amber-background-color has-text-color has-background" href="https://www.cerpeg.fr/bcpmcv/savoirs-limites-des-savoirs-5/" target="_blank" rel="noreferrer noopener">Savoirs &amp; limites des savoirs</a></div>
</div>

<p>Prospecter et valoriser l’offre commerciale Le titulaire du baccalauréat professionnel « Métiers du commerce et de la vente » option« Prospection clientèle et valorisation de l’offre commerciale » est en charge de l’organisation et de la réalisation d’opérations de prospection ayant pour objectifs d’alimenter ou de qualifier un portefeuille de prospects et d’augmenter la notoriété [&hellip;]</p>
