{"id":607,"date":"2022-03-01T17:57:41","date_gmt":"2022-03-01T16:57:41","guid":{"rendered":"http:\/\/www.cerpeg.fr\/bcpagora\/?page_id=607"},"modified":"2022-03-14T17:12:11","modified_gmt":"2022-03-14T16:12:11","slug":"epreuve-e1-unite-u1-realisation-darrangements-dans-tous-les-styles-de-lart-floral","status":"publish","type":"page","link":"https:\/\/www.cerpeg.fr\/bpfleuriste\/epreuve-e1-unite-u1-realisation-darrangements-dans-tous-les-styles-de-lart-floral\/","title":{"rendered":"\u00c9preuve E1 (Unit\u00e9 U1) &#8211; R\u00e9alisation d&rsquo;arrangements dans tous les styles de l&rsquo;art floral"},"content":{"rendered":"\n<h2 class=\"has-vivid-cyan-blue-color has-text-color wp-block-heading\"><strong>Coefficient 5<\/strong><\/h2>\n\n\n\n<p>.<\/p>\n\n\n\n<h2 class=\"wp-block-heading\"><span dir=\"ltr\">Objectifs et contenu de l&rsquo;\u00e9preuve <\/span><\/h2>\n\n\n\n<p>L\u2019\u00e9preuve vise \u00e0 \u00e9valuer l\u2019aptitude du candidat \u00e0 mobiliser tout ou partie des comp\u00e9tences du bloc de<br>comp\u00e9tences 1 \u00ab R\u00e9aliser des arrangements dans tous les styles de l\u2019art floral \u00bb :<\/p>\n\n\n\n<p><strong>Choisir les v\u00e9g\u00e9taux, contenants et accessoires<\/strong><\/p>\n\n\n\n<ul><li>Choisir des v\u00e9g\u00e9taux<\/li><li>Choisir des contenants<\/li><li>Choisir des accessoires<\/li><li>Pr\u00e9parer la mati\u00e8re d\u2019\u0153uvre<\/li><\/ul>\n\n\n\n<p><\/p>\n\n\n\n<p><strong>Choisir les techniques<\/strong><\/p>\n\n\n\n<ul><li>Pr\u00e9parer le plateau technique<\/li><li>Choisir les mat\u00e9riaux et les techniques adapt\u00e9s \u00e0 la r\u00e9alisation<\/li><li>S\u00e9lectionner et installer les moyens d\u2019hydratation<\/li><li>S\u00e9lectionner le substrat adapt\u00e9<\/li><\/ul>\n\n\n\n<p><\/p>\n\n\n\n<p><strong>Produire des arrangements floraux<\/strong><\/p>\n\n\n\n<ul><li>R\u00e9aliser tous les types d\u2019arrangement dans les diff\u00e9rents styles<\/li><li>Contr\u00f4ler l\u2019ad\u00e9quation de l\u2019arrangement avec la demande<\/li><li>Emballer et conditionner les arrangements floraux<\/li><li>Remettre en \u00e9tat le plateau technique<\/li><\/ul>\n\n\n\n<p><span dir=\"ltr\"> <\/span><\/p>\n\n\n\n<p>.<\/p>\n\n\n\n<h2 class=\"wp-block-heading\">Crit\u00e8res d&rsquo;\u00e9valuation<\/h2>\n\n\n\n<p><span dir=\"ltr\">En forme ponctuelle ou en contr\u00f4le en cours de formation, l\u2019\u00e9valuation des acquis du candidat s\u2019effectue \u00e0 l\u2019occasion d\u2019une situation. Elle s\u2019appuie sur les crit\u00e8res d\u2019\u00e9valuation suivants et correspondants aux comp\u00e9tences et savoirs associ\u00e9s du bloc 1 du r\u00e9f\u00e9rentiel de comp\u00e9tences :<\/span><\/p>\n\n\n\n<p>\u2013 le choix des v\u00e9g\u00e9taux est adapt\u00e9 au style d\u2019art floral ;<br>\u2013 le choix des contenants est adapt\u00e9 aux v\u00e9g\u00e9taux ;<br>\u2013 le choix des accessoires est adapt\u00e9 au style et aux v\u00e9g\u00e9taux ;<br>\u2013 les choix de mati\u00e8re d\u2019\u0153uvre sont coh\u00e9rents ;<br>\u2013 la mati\u00e8re d\u2019\u0153uvre est pr\u00e9par\u00e9e dans les r\u00e8gles ;<br>\u2013 le poste et l\u2019environnement de travail, les outils sont op\u00e9rationnels ;<br>\u2013 les mat\u00e9riaux et les techniques choisis correspondent aux exigences de la r\u00e9alisation ;<br>\u2013 le choix des moyens d\u2019hydratation est pertinent et l\u2019installation est efficace ;<br>\u2013 le drainage, le pH et les nutriments sont adapt\u00e9s ;<br>\u2013 les caract\u00e9ristiques des styles sont respect\u00e9es ;<br>\u2013 l\u2019arrangement est conforme \u00e0 la demande ;<br>\u2013 l\u2019emballage et le conditionnement sont adapt\u00e9s ;<br>\u2013 le poste et l\u2019environnement de travail, les outils sont \u00e0 nouveau op\u00e9rationnels ;<br>\u2013 les activit\u00e9s, les documents ressources, les comp\u00e9tences \u00e9valu\u00e9es et le degr\u00e9 d\u2019exigence sont identiques, quel que soit le mode d\u2019\u00e9valuation. L\u2019inspecteur de l\u2019\u00e9ducation nationale de la sp\u00e9cialit\u00e9 veille au bon d\u00e9roulement de l\u2019examen.<\/p>\n\n\n\n<h2 class=\"wp-block-heading\">Modes d&rsquo;\u00e9valuation<\/h2>\n\n\n\n<h5 class=\"has-vivid-cyan-blue-color has-text-color wp-block-heading\">\u00c9valuation ponctuelle pratique d\u2019une dur\u00e9e totale de 5 heures<\/h5>\n\n\n\n<p>L\u2019\u00e9valuation des acquis des candidats s\u2019effectue sur la base d\u2019une \u00e9preuve ponctuelle terminale pratique dans le cadre de mises en situation professionnelles mettant en jeu les comp\u00e9tences du bloc de comp\u00e9tences 1. L\u2019\u00e9preuve se d\u00e9roule dans un environnement professionnel r\u00e9el ou reconstitu\u00e9.<br>Le candidat doit r\u00e9aliser au moins trois arrangements sp\u00e9cifiques dans l\u2019une des situations professionnelles donn\u00e9es dans le cadrage national.<\/p>\n\n\n\n<p><strong>Les 3 arrangements se situeront dans une des productions suivantes :<\/strong><br>\u2013 un bouquet li\u00e9 \u00e0 la main pr\u00e9sent\u00e9 emball\u00e9 ;<br>\u2013 un arrangement racin\u00e9 ;<br>\u2013 un bouquet de mari\u00e9e ou ornement port\u00e9 ;<br>\u2013 une composition piqu\u00e9e ou auto-bloqu\u00e9e dans un contenant impos\u00e9 ;<br>\u2013 une pi\u00e8ce fun\u00e9raire.<\/p>\n\n\n\n<p>Le sujet de l\u2019\u00e9preuve sera national mais permettra des adaptations r\u00e9gionales \u00e0 partir d\u2019un cahier des charges sp\u00e9cifique au sujet, particuli\u00e8rement en ce qui concerne la mati\u00e8re d\u2019\u0153uvre.<br>La commission d\u2019\u00e9valuation est compos\u00e9e d\u2019un enseignant\/formateur de pratique professionnelle et d\u2019un<br>professionnel. En cas d\u2019absence du professionnel, il pourra \u00eatre remplac\u00e9 par un formateur.<\/p>\n\n\n\n<h5 class=\"has-vivid-cyan-blue-color has-text-color wp-block-heading\">Contr\u00f4le en cours de formation<\/h5>\n\n\n\n<p>Le contr\u00f4le en cours de formation r\u00e9pond aux m\u00eames exigences que celles de l\u2019\u00e9preuve ponctuelle et est con\u00e7u en fonction des acquis des candidats, conform\u00e9ment aux exigences du r\u00e9f\u00e9rentiel et \u00e0 la d\u00e9finition de l\u2019\u00e9preuve donn\u00e9e pr\u00e9c\u00e9demment.<\/p>\n\n\n\n<p>L\u2019\u00e9valuation des comp\u00e9tences des candidats s\u2019effectue sur la base du contr\u00f4le en cours de formation \u00e0 l\u2019occasion de plusieurs situations d\u2019\u00e9valuation. Celles-ci sont r\u00e9alis\u00e9es lorsque le candidat est pr\u00eat et organis\u00e9es par l\u2019\u00e9tablissement. Elles peuvent se d\u00e9rouler en centre de formation ou en entreprise.<br>Le professionnel\/tuteur et l\u2019enseignant ou le formateur du candidat \u00e9tablissent conjointement l\u2019\u00e9valuation des situations professionnelles que le candidat a rencontr\u00e9es tout au long de sa formation et compl\u00e8tent la grille d\u2019\u00e9valuation de l\u2019\u00e9preuve.<\/p>\n\n\n\n<p>L\u2019inspecteur de l\u2019\u00e9ducation nationale de la sp\u00e9cialit\u00e9 veille au bon d\u00e9roulement des situations d\u2019\u00e9valuations organis\u00e9es sous la responsabilit\u00e9 du chef d\u2019\u00e9tablissement. L\u2019inspecteur de l\u2019\u00e9ducation nationale veille \u00e9galement \u00e0 l\u2019harmonisation des pratiques d\u2019\u00e9valuation.<\/p>\n","protected":false},"excerpt":{"rendered":"<p>Coefficient 5 . Objectifs et contenu de l&rsquo;\u00e9preuve L\u2019\u00e9preuve vise \u00e0 \u00e9valuer l\u2019aptitude du candidat \u00e0 mobiliser tout ou partie des comp\u00e9tences du bloc decomp\u00e9tences 1 \u00ab R\u00e9aliser des arrangements dans tous les styles de l\u2019art floral \u00bb : Choisir les v\u00e9g\u00e9taux, contenants et accessoires Choisir des v\u00e9g\u00e9taux Choisir des contenants Choisir des accessoires Pr\u00e9parer [&hellip;]<\/p>\n","protected":false},"author":1,"featured_media":0,"parent":0,"menu_order":0,"comment_status":"closed","ping_status":"closed","template":"","meta":[],"_links":{"self":[{"href":"https:\/\/www.cerpeg.fr\/bpfleuriste\/wp-json\/wp\/v2\/pages\/607"}],"collection":[{"href":"https:\/\/www.cerpeg.fr\/bpfleuriste\/wp-json\/wp\/v2\/pages"}],"about":[{"href":"https:\/\/www.cerpeg.fr\/bpfleuriste\/wp-json\/wp\/v2\/types\/page"}],"author":[{"embeddable":true,"href":"https:\/\/www.cerpeg.fr\/bpfleuriste\/wp-json\/wp\/v2\/users\/1"}],"replies":[{"embeddable":true,"href":"https:\/\/www.cerpeg.fr\/bpfleuriste\/wp-json\/wp\/v2\/comments?post=607"}],"version-history":[{"count":21,"href":"https:\/\/www.cerpeg.fr\/bpfleuriste\/wp-json\/wp\/v2\/pages\/607\/revisions"}],"predecessor-version":[{"id":1379,"href":"https:\/\/www.cerpeg.fr\/bpfleuriste\/wp-json\/wp\/v2\/pages\/607\/revisions\/1379"}],"wp:attachment":[{"href":"https:\/\/www.cerpeg.fr\/bpfleuriste\/wp-json\/wp\/v2\/media?parent=607"}],"curies":[{"name":"wp","href":"https:\/\/api.w.org\/{rel}","templated":true}]}}