{"id":383,"date":"2021-02-23T14:07:17","date_gmt":"2021-02-23T13:07:17","guid":{"rendered":"http:\/\/www.cerpeg.fr\/bcpagora\/?page_id=383"},"modified":"2021-03-02T14:26:00","modified_gmt":"2021-03-02T13:26:00","slug":"bloc-2","status":"publish","type":"page","link":"https:\/\/www.cerpeg.fr\/capepc\/bloc-2\/","title":{"rendered":"Bloc 2 \u2013 Mettre en valeur et approvisionner"},"content":{"rendered":"\n<p>Le titulaire du \u00ab CAP \u00c9quipier polyvalent du commerce \u00bb exerce son activit\u00e9 dans un cadre omnicanal, au sein d\u2019une unit\u00e9 commerciale qui distribue des produits et des services.  Entre espaces de vente physiques ou virtuels, boutiques et rayons traditionnels, \u00e9tals et stands, magasins urbains connect\u00e9s et espaces \u00ab&nbsp;exp\u00e9rientiels&nbsp;\u00bb, <em>concept stores<\/em>, univers th\u00e9\u00e2tralis\u00e9s et comptoirs de restauration des enseignes de distribution, le concept de \u00ab&nbsp;surface de vente&nbsp;\u00bb devient polymorphe. <\/p>\n\n\n\n<p>Le titulaire du dipl\u00f4me est amen\u00e9 \u00e0 utiliser des \u00e9quipements et outils d\u2019aide \u00e0 la gestion du rayon ou de la surface de vente (\u00e9crans tactiles, tablettes connect\u00e9es, smartphones, etc.) et logiciels professionnels. Le titulaire du dipl\u00f4me est autonome dans les t\u00e2ches qui lui sont confi\u00e9es.  Il respecte la politique commerciale de l\u2019entreprise, les consignes du responsable ainsi que les r\u00e8gles d\u2019hygi\u00e8ne et de s\u00e9curit\u00e9. Il contribue \u00e0 l\u2019approvisionnement et \u00e0 la mise en valeur des produits et de l\u2019espace commercial quel que soit le type de produit (alimentaire et non alimentaire) et quel que soit le format du point de vente.<\/p>\n\n\n\n<div class=\"wp-block-group\"><div class=\"wp-block-group__inner-container is-layout-flow wp-block-group-is-layout-flow\">\n<div class=\"wp-block-columns are-vertically-aligned-center is-layout-flex wp-container-core-columns-is-layout-1 wp-block-columns-is-layout-flex\">\n<div class=\"wp-block-column is-vertically-aligned-center is-layout-flow wp-block-column-is-layout-flow\" style=\"flex-basis:100%\">\n<div class=\"wp-block-group is-layout-flow wp-block-group-is-layout-flow\"><div class=\"wp-block-group__inner-container\"><\/div><\/div>\n<\/div>\n<\/div>\n<\/div><\/div>\n\n\n\n<div class=\"wp-block-group alignwide\"><div class=\"wp-block-group__inner-container is-layout-flow wp-block-group-is-layout-flow\">\n<div class=\"wp-block-columns alignwide is-layout-flex wp-container-core-columns-is-layout-2 wp-block-columns-is-layout-flex\">\n<div class=\"wp-block-column is-layout-flow wp-block-column-is-layout-flow\">\n<p>2.1. Approvisionner, mettre en rayon et ranger selon la nature des produits<\/p>\n\n\n\n<div class=\"wp-block-buttons is-layout-flex wp-block-buttons-is-layout-flex\">\n<div class=\"wp-block-button is-style-outline\"><a class=\"wp-block-button__link has-text-color\" href=\"https:\/\/www.cerpeg.fr\/capepc\/2-1-approvisionner-mettre-en-rayon-et-ranger-selon-la-nature-des-produits\/\" style=\"border-radius:50px;color:#ba0c49\" target=\"_blank\" rel=\"noreferrer noopener\">Voir<\/a><\/div>\n<\/div>\n\n\n\n<div class=\"wp-block-buttons is-layout-flex wp-block-buttons-is-layout-flex\"><\/div>\n<\/div>\n\n\n\n<div class=\"wp-block-column is-layout-flow wp-block-column-is-layout-flow\">\n<p>2.2. Mettre en valeur les produits et l\u2019espace commercial<\/p>\n\n\n\n<div class=\"wp-block-buttons is-layout-flex wp-block-buttons-is-layout-flex\">\n<div class=\"wp-block-button is-style-outline\"><a class=\"wp-block-button__link has-text-color\" href=\"https:\/\/www.cerpeg.fr\/capepc\/2-2-mettre-en-valeur-les-produits-et-lespace-commercial\/\" style=\"border-radius:50px;color:#ba0c49\" target=\"_blank\" rel=\"noreferrer noopener\">Voir<\/a><\/div>\n<\/div>\n<\/div>\n\n\n\n<div class=\"wp-block-column is-layout-flow wp-block-column-is-layout-flow\">\n<p>2.3. Participer aux op\u00e9rations de conditionnement des produits<\/p>\n\n\n\n<div class=\"wp-block-buttons is-layout-flex wp-block-buttons-is-layout-flex\">\n<div class=\"wp-block-button is-style-outline\"><a class=\"wp-block-button__link has-text-color\" href=\"https:\/\/www.cerpeg.fr\/capepc\/2-3-participer-aux-operations-de-conditionnement-des-produits\/\" style=\"border-radius:50px;color:#ba0c49\" target=\"_blank\" rel=\"noreferrer noopener\">Voir<\/a><\/div>\n<\/div>\n<\/div>\n<\/div>\n\n\n\n<div class=\"wp-block-columns alignwide is-layout-flex wp-container-core-columns-is-layout-3 wp-block-columns-is-layout-flex\">\n<div class=\"wp-block-column is-layout-flow wp-block-column-is-layout-flow\">\n<p>2.4. Installer et mettre \u00e0 jour la signal\u00e9tique<\/p>\n\n\n\n<div class=\"wp-block-buttons is-layout-flex wp-block-buttons-is-layout-flex\">\n<div class=\"wp-block-button is-style-outline\"><a class=\"wp-block-button__link has-text-color\" href=\"https:\/\/www.cerpeg.fr\/capepc\/2-4-installer-et-mettre-a-jour-la-signaletique\/\" style=\"border-radius:50px;color:#ba0c49\" target=\"_blank\" rel=\"noreferrer noopener\">Voir<\/a><\/div>\n<\/div>\n\n\n\n<div class=\"wp-block-buttons is-layout-flex wp-block-buttons-is-layout-flex\"><\/div>\n<\/div>\n\n\n\n<div class=\"wp-block-column is-layout-flow wp-block-column-is-layout-flow\">\n<p>2.5. Lutter contre la d\u00e9marque et participer aux op\u00e9rations d\u2019inventaire<\/p>\n\n\n\n<div class=\"wp-block-buttons is-layout-flex wp-block-buttons-is-layout-flex\">\n<div class=\"wp-block-button is-style-outline\"><a class=\"wp-block-button__link has-text-color\" href=\"https:\/\/www.cerpeg.fr\/capepc\/2-5-lutter-contre-la-demarque-et-participer-aux-operations-dinventaire\/\" style=\"border-radius:50px;color:#ba0c49\" target=\"_blank\" rel=\"noreferrer noopener\">Voir<\/a><\/div>\n<\/div>\n<\/div>\n\n\n\n<div class=\"wp-block-column is-layout-flow wp-block-column-is-layout-flow\">\n<p>Crit\u00e8res d&rsquo;\u00e9valuation<\/p>\n\n\n\n<div class=\"wp-block-buttons is-layout-flex wp-block-buttons-is-layout-flex\">\n<div class=\"wp-block-button is-style-outline\"><a class=\"wp-block-button__link has-text-color\" href=\"https:\/\/www.cerpeg.fr\/capepc\/criteres-devaluation\/\" style=\"border-radius:50px;color:#ba0c49\" target=\"_blank\" rel=\"noreferrer noopener\">Voir<\/a><\/div>\n<\/div>\n<\/div>\n<\/div>\n<\/div><\/div>\n\n\n\n<p>Savoirs &amp; limites de savoirs<\/p>\n\n\n\n<div class=\"wp-block-buttons is-layout-flex wp-block-buttons-is-layout-flex\">\n<div class=\"wp-block-button is-style-outline\"><a class=\"wp-block-button__link has-vivid-red-color has-text-color\" href=\"https:\/\/www.cerpeg.fr\/capepc\/savoirs-et-limites-de-savoirs-2\/\" target=\"_blank\" rel=\"noreferrer noopener\">Voir<\/a><\/div>\n<\/div>\n","protected":false},"excerpt":{"rendered":"<p>Le titulaire du \u00ab CAP \u00c9quipier polyvalent du commerce \u00bb exerce son activit\u00e9 dans un cadre omnicanal, au sein d\u2019une unit\u00e9 commerciale qui distribue des produits et des services. Entre espaces de vente physiques ou virtuels, boutiques et rayons traditionnels, \u00e9tals et stands, magasins urbains connect\u00e9s et espaces \u00ab&nbsp;exp\u00e9rientiels&nbsp;\u00bb, concept stores, univers th\u00e9\u00e2tralis\u00e9s et comptoirs [&hellip;]<\/p>\n","protected":false},"author":1,"featured_media":194,"parent":0,"menu_order":0,"comment_status":"closed","ping_status":"closed","template":"","meta":{"footnotes":""},"_links":{"self":[{"href":"https:\/\/www.cerpeg.fr\/capepc\/wp-json\/wp\/v2\/pages\/383"}],"collection":[{"href":"https:\/\/www.cerpeg.fr\/capepc\/wp-json\/wp\/v2\/pages"}],"about":[{"href":"https:\/\/www.cerpeg.fr\/capepc\/wp-json\/wp\/v2\/types\/page"}],"author":[{"embeddable":true,"href":"https:\/\/www.cerpeg.fr\/capepc\/wp-json\/wp\/v2\/users\/1"}],"replies":[{"embeddable":true,"href":"https:\/\/www.cerpeg.fr\/capepc\/wp-json\/wp\/v2\/comments?post=383"}],"version-history":[{"count":16,"href":"https:\/\/www.cerpeg.fr\/capepc\/wp-json\/wp\/v2\/pages\/383\/revisions"}],"predecessor-version":[{"id":744,"href":"https:\/\/www.cerpeg.fr\/capepc\/wp-json\/wp\/v2\/pages\/383\/revisions\/744"}],"wp:featuredmedia":[{"embeddable":true,"href":"https:\/\/www.cerpeg.fr\/capepc\/wp-json\/"}],"wp:attachment":[{"href":"https:\/\/www.cerpeg.fr\/capepc\/wp-json\/wp\/v2\/media?parent=383"}],"curies":[{"name":"wp","href":"https:\/\/api.w.org\/{rel}","templated":true}]}}