{"id":1477,"date":"2022-12-22T11:26:51","date_gmt":"2022-12-22T10:26:51","guid":{"rendered":"https:\/\/www.cerpeg.fr\/mcvca\/?page_id=1477"},"modified":"2022-12-22T15:11:02","modified_gmt":"2022-12-22T14:11:02","slug":"epreuve-e2","status":"publish","type":"page","link":"https:\/\/www.cerpeg.fr\/mcvca\/epreuve-e2\/","title":{"rendered":"\u00c9preuve E2 (Unit\u00e9 U2) &#8211; Mise en \u0153uvre, personnalisation et d\u00e9veloppement de la relation client"},"content":{"rendered":"\n<h2 class=\"has-vivid-cyan-blue-color has-text-color wp-block-heading\"><strong>Coefficient 6<\/strong> <\/h2>\n\n\n\n<p>.<\/p>\n\n\n\n<h2 class=\"wp-block-heading\"><span dir=\"ltr\">Finalit\u00e9s de l&rsquo;\u00e9preuve <\/span><\/h2>\n\n\n\n<p>Cette \u00e9preuve vise \u00e0 appr\u00e9cier l\u2019aptitude du candidat \u00e0 mobiliser ses comp\u00e9tences et connaissances dans le cadre de situations professionnelles relevant du domaine d\u2019activit\u00e9s 2 \u00ab Mise en \u0153uvre, personnalisation et d\u00e9veloppement de la relation client \u00bb.<\/p>\n\n\n\n<p>.<\/p>\n\n\n\n<h2 class=\"wp-block-heading\">Objectifs et contenus de l\u2019\u00e9preuve<\/h2>\n\n\n\n<p>Cette \u00e9preuve vise \u00e0 appr\u00e9cier l\u2019aptitude du candidat \u00e0 mobiliser ses comp\u00e9tences et connaissances dans le cadre de situations professionnelles relevant du domaine d\u2019activit\u00e9s 2 \u00ab Mise en \u0153uvre, personnalisation et d\u00e9veloppement de la relation client \u00bb.<\/p>\n\n\n\n<p>.<\/p>\n\n\n\n<h2 class=\"wp-block-heading\">Crit\u00e8res d\u2019\u00e9valuation<\/h2>\n\n\n\n<ul>\n<li>Adaptation de l\u2019accueil au client et \u00e0 la politique commerciale de l\u2019entreprise ;<\/li>\n\n\n\n<li>Qualit\u00e9 du questionnement, de l\u2019\u00e9coute et de la reformulation des besoins du client ;<\/li>\n\n\n\n<li>Ad\u00e9quation de la proposition \u00e0 la demande du client ;<\/li>\n\n\n\n<li>Pertinence des conseils apport\u00e9s au client ;<\/li>\n\n\n\n<li>Ad\u00e9quation de la prise de commande \u00e0 la demande du client ;<\/li>\n\n\n\n<li>Personnalisation de la proposition de ventes additionnelles et\/ou de services ;<\/li>\n\n\n\n<li>Fiabilit\u00e9 de l\u2019encaissement et des op\u00e9rations compl\u00e9mentaires \u00e0 l\u2019encaissement ;<\/li>\n\n\n\n<li>Ad\u00e9quation de la mise en \u0153uvre des animations commerciales aux consignes ;<\/li>\n\n\n\n<li>Respect des consignes lors d\u2019actions de communication commerciale digitale ;<\/li>\n\n\n\n<li>Ad\u00e9quation de la mise en \u0153uvre d\u2019outils de fid\u00e9lisation \u00e0 la politique commerciale de l\u2019entreprise ;<\/li>\n\n\n\n<li>Adaptation de la prise de cong\u00e9 \u00e0 la politique commerciale ;<\/li>\n\n\n\n<li>Efficacit\u00e9 de la gestion des r\u00e9clamations ;<\/li>\n\n\n\n<li>Pertinence de la contribution \u00e0 la personnalisation de l\u2019exp\u00e9rience d\u2019achat.<\/li>\n<\/ul>\n\n\n\n<p>.<\/p>\n\n\n\n<h2 class=\"wp-block-heading\">Mode d&rsquo;\u00e9valuation<\/h2>\n\n\n\n<h3 class=\"has-vivid-cyan-blue-color has-text-color wp-block-heading\">1.\u00c9valuation par contr\u00f4le en cours de formation (CCF)<\/h3>\n\n\n\n<h5 class=\"has-luminous-vivid-amber-color has-text-color wp-block-heading\"><strong>Pr\u00e9sentation de l\u2019\u00e9preuve<\/strong><\/h5>\n\n\n\n<p>L\u2019\u00e9preuve comporte une situation d\u2019\u00e9valuation.<\/p>\n\n\n\n<p>Le contr\u00f4le en cours de formation est conduit \u00e0 partir des travaux professionnels du candidat r\u00e9alis\u00e9s durant le cycle de formation, \u00e0 la fois dans le cadre des PFMP et de la formation en \u00e9tablissement. Les travaux professionnels choisis par le candidat seront pr\u00e9sent\u00e9s dans un portfolio num\u00e9rique. La d\u00e9marche mise en \u0153uvre pour les r\u00e9aliser sera explicit\u00e9e \u00e0 partir de supports vari\u00e9s, \u00e0 l\u2019appr\u00e9ciation du candidat, et int\u00e9gr\u00e9e dans le portfolio num\u00e9rique. Les travaux professionnels mobilisent l\u2019ensemble des comp\u00e9tences du bloc 2 \u00ab Mettre en \u0153uvre, personnaliser et d\u00e9velopper la relation client \u00bb.<\/p>\n\n\n\n<h5 class=\"has-luminous-vivid-amber-color has-text-color wp-block-heading\"><strong>Composition de la commission d\u2019\u00e9valuation <\/strong><\/h5>\n\n\n\n<p>La commission d\u2019\u00e9valuation est compos\u00e9e d\u2019un professeur ou formateur d\u2019enseignement professionnel ayant assur\u00e9 la formation du candidat et du tuteur en entreprise ou du ma\u00eetre d\u2019apprentissage.<\/p>\n\n\n\n<h5 class=\"has-luminous-vivid-amber-color has-text-color wp-block-heading\"><strong>D\u00e9roulement de la situation d\u2019\u00e9valuation <\/strong><\/h5>\n\n\n\n<p>Sur la base des travaux professionnels du candidat et de tout autre \u00e9l\u00e9ment susceptible de nourrir son analyse, la commission proc\u00e8de \u00e0 l\u2019\u00e9valuation de ses acquis \u00e0 partir des crit\u00e8res d\u00e9finis pour l\u2019\u00e9preuve et renseigne la grille nationale fournie \u00e0 cet effet afin de proposer une note sur 20 affect\u00e9e du coefficient 6. La proposition de note ne doit pas \u00eatre communiqu\u00e9e au candidat.<\/p>\n\n\n\n<h5 class=\"has-luminous-vivid-amber-color has-text-color wp-block-heading\"><strong>Communication des \u00e9l\u00e9ments d\u2019\u00e9valuation \u00e0 la commission d\u2019harmonisation acad\u00e9mique et au jury acad\u00e9mique final <\/strong><\/h5>\n\n\n\n<p>Le dossier d\u2019\u00e9valuation est transmis, sous la responsabilit\u00e9 du chef d\u2019\u00e9tablissement, \u00e0 la commission d\u2019harmonisation acad\u00e9mique qui se tient avant le jury final, selon une proc\u00e9dure fix\u00e9e par les autorit\u00e9s acad\u00e9miques. Il comprend :<\/p>\n\n\n\n<ul>\n<li>la grille d\u2019aide \u00e0 l\u2019\u00e9valuation compl\u00e9t\u00e9e ;<\/li>\n\n\n\n<li>les attestations de p\u00e9riodes de formation en milieu professionnel ou les certificats de travail (accompagn\u00e9s de l\u2019attestation des heures de formation).<\/li>\n<\/ul>\n\n\n\n<p>Apr\u00e8s examen des documents fournis et des travaux de la commission d\u2019harmonisation, le jury final formule toutes remarques et observations qu\u2019il juge utiles et arr\u00eate la note.<\/p>\n\n\n\n<p>.<\/p>\n\n\n\n<h3 class=\"has-vivid-cyan-blue-color has-text-color wp-block-heading\">2. \u00c9valuation ponctuelle \u2013 \u00c9preuve pratique et orale \u2013 Dur\u00e9e : 45 minutes <\/h3>\n\n\n\n<h5 class=\"has-luminous-vivid-amber-color has-text-color wp-block-heading\"><strong>Pr\u00e9sentation de l\u2019\u00e9preuve<\/strong><\/h5>\n\n\n\n<p>L\u2019\u00e9preuve comporte deux phases : une phase de vente-conseil significative, r\u00e9elle, ou \u00e0 d\u00e9faut simul\u00e9e, et une phase d\u2019entretien. Cette derni\u00e8re prend appui \u00e0 la fois sur un portfolio num\u00e9rique et sur la phase de vente-conseil.<\/p>\n\n\n\n<p class=\"has-black-color has-text-color\"><strong>La constitution pr\u00e9alable d\u2019un portfolio num\u00e9rique <\/strong><\/p>\n\n\n\n<p>Chaque candidat r\u00e9alise, durant sa formation, un portfolio qui comporte les supports de pr\u00e9sentation des travaux professionnels men\u00e9s en entreprise et en centre de formation.<\/p>\n\n\n\n<p><strong>Objectifs du portfolio num\u00e9rique :<\/strong><\/p>\n\n\n\n<ul>\n<li>pr\u00e9senter des travaux professionnels r\u00e9alis\u00e9s en entreprise et en centre de formation, et s\u00e9lectionn\u00e9s par le candidat ;<\/li>\n\n\n\n<li>rendre compte et expliciter ces travaux professionnels. \n<ul>\n<li><\/li>\n<\/ul>\n<\/li>\n<\/ul>\n\n\n\n<p>.<\/p>\n\n\n\n<p><strong>Contenu du portfolio num\u00e9rique :<\/strong><\/p>\n\n\n\n<ul>\n<li>les supports de pr\u00e9sentation des travaux professionnels permettent au candidat de rendre compte des travaux professionnels r\u00e9alis\u00e9s en entreprise et en centre de formation, repr\u00e9sentatifs du domaine d\u2019activit\u00e9s 2. Ces supports pr\u00e9cisent l\u2019activit\u00e9 et son contexte. Le candidat veillera \u00e0 couvrir l\u2019ensemble des comp\u00e9tences du bloc de comp\u00e9tences 2, plusieurs comp\u00e9tences pouvant \u00eatre pr\u00e9sent\u00e9es dans un m\u00eame support en coh\u00e9rence avec les activit\u00e9s professionnelles r\u00e9alis\u00e9es ;<\/li>\n<\/ul>\n\n\n\n<ul>\n<li>ces supports de pr\u00e9sentation serviront de point d\u2019appui \u00e0 l\u2019entretien.<\/li>\n<\/ul>\n\n\n\n<p>.<\/p>\n\n\n\n<p>Le portfolio num\u00e9rique et le dossier administratif du candidat seront transmis aux autorit\u00e9s acad\u00e9miques selon un calendrier communiqu\u00e9 par celles-ci. Le dossier administratif est constitu\u00e9 des documents suivants permettant de v\u00e9rifier la conformit\u00e9 \u00e0 la r\u00e9glementation de la formation en entreprise :<\/p>\n\n\n\n<ul>\n<li>attestation pr\u00e9cisant la dur\u00e9e des p\u00e9riodes de formation en milieu professionnel, la nature de l\u2019unit\u00e9 commerciale, le type d\u2019activit\u00e9s r\u00e9alis\u00e9es, authentifi\u00e9e par le centre de formation ;<\/li>\n<\/ul>\n\n\n\n<p>Ou<\/p>\n\n\n\n<ul>\n<li>attestation relative \u00e0 l\u2019activit\u00e9 salari\u00e9e du candidat dans un domaine professionnel correspondant aux finalit\u00e9s de la Mention Compl\u00e9mentaire Vendeur-conseil en alimentation.<\/li>\n<\/ul>\n\n\n\n<p>.<\/p>\n\n\n\n<p>Le contr\u00f4le de conformit\u00e9 du dossier administratif est effectu\u00e9 par les autorit\u00e9s acad\u00e9miques avant le jour de l\u2019\u00e9preuve pour permettre au candidat, le cas \u00e9ch\u00e9ant, de mettre son dossier en conformit\u00e9 le jour de l\u2019\u00e9preuve. Si le jour de l\u2019\u00e9preuve, le dossier administratif n\u2019est toujours pas conforme, la mention \u00ab non valide \u00bb est prononc\u00e9e et est signifi\u00e9e au candidat. <\/p>\n\n\n\n<p>Le portfolio num\u00e9rique est mis \u00e0 la disposition de la commission d\u2019interrogation, qui doit disposer du temps n\u00e9cessaire pour en prendre connaissance avant le d\u00e9but de l\u2019interrogation, selon les modalit\u00e9s fix\u00e9es par les autorit\u00e9s acad\u00e9miques. En l\u2019absence du portfolio, le candidat ne peut pas \u00eatre interrog\u00e9, la note z\u00e9ro est attribu\u00e9e \u00e0 cette \u00e9preuve et est signifi\u00e9e au candidat. <\/p>\n\n\n\n<p>Dans tous les autres cas, il convient d\u2019interroger le candidat. En fin d\u2019interrogation, le candidat est inform\u00e9, le cas \u00e9ch\u00e9ant, des r\u00e9serves \u00e9mises par la commission. Le cas est signal\u00e9 au pr\u00e9sident du jury et une note est propos\u00e9e.<\/p>\n\n\n\n<h5 class=\"has-luminous-vivid-amber-color has-text-color wp-block-heading\"><strong>D\u00e9roulement de l\u2019\u00e9preuve<\/strong><\/h5>\n\n\n\n<p><strong>L\u2019\u00e9preuve se d\u00e9roule en entreprise.<\/strong><\/p>\n\n\n\n<ul>\n<li>dans une premi\u00e8re phase (15 minutes), le candidat r\u00e9alise une ou plusieurs vente(s)-conseil significatives et r\u00e9elle(s), ou \u00e0 d\u00e9faut simul\u00e9e(s). Durant cette phase, la commission d\u2019interrogation \u00e9value le degr\u00e9 d\u2019acquisition des comp\u00e9tences \u201cConseiller et vendre\u201d et \u201cD\u00e9velopper l\u2019activit\u00e9 commerciale et fid\u00e9liser\u201d mises en \u0153uvre par le candidat.<\/li>\n<\/ul>\n\n\n\n<ul>\n<li>dans une deuxi\u00e8me phase (30 minutes), par un questionnement appropri\u00e9 et en prenant notamment appui sur le portfolio, la commission d\u2019interrogation conduit le candidat \u00e0 :<ul><li>expliciter les activit\u00e9s r\u00e9alis\u00e9es durant la premi\u00e8re phase<\/li><\/ul>\n<ul>\n<li>d\u00e9montrer plus largement la ma\u00eetrise des comp\u00e9tences du bloc de comp\u00e9tences 2.<\/li>\n<\/ul>\n<\/li>\n<\/ul>\n\n\n\n<p>.<\/p>\n\n\n\n<p>En fin d\u2019interrogation, la commission renseigne les crit\u00e8res d\u2019\u00e9valuation dans la grille nationale d\u2019aide \u00e0 l\u2019\u00e9valuation diffus\u00e9e par la circulaire nationale d\u2019organisation et propose une note sur 20 affect\u00e9e du coefficient 6.<\/p>\n\n\n\n<h5 class=\"has-luminous-vivid-amber-color has-text-color wp-block-heading\"><strong>Composition de la commission d\u2019interrogation<\/strong><\/h5>\n\n\n\n<p>La commission est compos\u00e9e d\u2019un professeur ou d\u2019un formateur d\u2019enseignement professionnel et d\u2019un professionnel ou, \u00e0 d\u00e9faut, d\u2019un deuxi\u00e8me professeur ou formateur d\u2019enseignement professionnel.<\/p>\n","protected":false},"excerpt":{"rendered":"<p>Coefficient 6 . Finalit\u00e9s de l&rsquo;\u00e9preuve Cette \u00e9preuve vise \u00e0 appr\u00e9cier l\u2019aptitude du candidat \u00e0 mobiliser ses comp\u00e9tences et connaissances dans le cadre de situations professionnelles relevant du domaine d\u2019activit\u00e9s 2 \u00ab Mise en \u0153uvre, personnalisation et d\u00e9veloppement de la relation client \u00bb. . Objectifs et contenus de l\u2019\u00e9preuve Cette \u00e9preuve vise \u00e0 appr\u00e9cier l\u2019aptitude [&hellip;]<\/p>\n","protected":false},"author":1,"featured_media":0,"parent":0,"menu_order":0,"comment_status":"closed","ping_status":"closed","template":"","meta":{"footnotes":""},"_links":{"self":[{"href":"https:\/\/www.cerpeg.fr\/mcvca\/wp-json\/wp\/v2\/pages\/1477"}],"collection":[{"href":"https:\/\/www.cerpeg.fr\/mcvca\/wp-json\/wp\/v2\/pages"}],"about":[{"href":"https:\/\/www.cerpeg.fr\/mcvca\/wp-json\/wp\/v2\/types\/page"}],"author":[{"embeddable":true,"href":"https:\/\/www.cerpeg.fr\/mcvca\/wp-json\/wp\/v2\/users\/1"}],"replies":[{"embeddable":true,"href":"https:\/\/www.cerpeg.fr\/mcvca\/wp-json\/wp\/v2\/comments?post=1477"}],"version-history":[{"count":11,"href":"https:\/\/www.cerpeg.fr\/mcvca\/wp-json\/wp\/v2\/pages\/1477\/revisions"}],"predecessor-version":[{"id":1589,"href":"https:\/\/www.cerpeg.fr\/mcvca\/wp-json\/wp\/v2\/pages\/1477\/revisions\/1589"}],"wp:attachment":[{"href":"https:\/\/www.cerpeg.fr\/mcvca\/wp-json\/wp\/v2\/media?parent=1477"}],"curies":[{"name":"wp","href":"https:\/\/api.w.org\/{rel}","templated":true}]}}