{"id":886,"date":"2021-08-04T20:31:21","date_gmt":"2021-08-04T18:31:21","guid":{"rendered":"http:\/\/www.cerpeg.fr\/mcsno\/?page_id=886"},"modified":"2022-12-22T11:49:03","modified_gmt":"2022-12-22T10:49:03","slug":"epreuves-dexamen-hors-contrat","status":"publish","type":"page","link":"https:\/\/www.cerpeg.fr\/mcvca\/epreuves-dexamen-hors-contrat\/","title":{"rendered":"\u00c9preuves d&rsquo;examen (hors contrat)"},"content":{"rendered":"\n<p><em>Scolaires (\u00c9tablissements priv\u00e9s hors contrat)<br>Apprentis (CFA et sections d\u2019apprentissage non habilit\u00e9s)<br>Formation professionnelle continue (\u00c9tablissements priv\u00e9s)<br>Enseignement \u00e0 distance Candidats individuels<\/em><\/p>\n\n\n\n\n\n<figure class=\"wp-block-table is-style-regular\">\n<table style=\"width: 97.976%; height: 227px;\">\n<thead>\n<tr style=\"height: 60px;\">\n<td class=\"has-text-align-left\" style=\"width: 67.0447%; background-color: #62bef0; height: 52px; text-align: center;\" data-align=\"left\"><span style=\"color: #ffffff;\"><strong>\u00c9preuves<\/strong><\/span><\/td>\n<td style=\"width: 9.1661%; background-color: #62bef0; height: 52px; text-align: center;\"><strong><span style=\"color: #ffffff;\">Coef.<\/span><\/strong><\/td>\n<td style=\"width: 7.84813%; background-color: #62bef0; height: 52px; text-align: center;\"><strong><span style=\"color: #ffffff;\">Mode<\/span><\/strong><\/td>\n<td style=\"width: 5.35771%; background-color: #62bef0; text-align: center;\"><strong><span style=\"color: #ffffff;\">Dur\u00e9e<\/span><span style=\"color: #ffffff;\"><br \/><\/span><\/strong><\/td>\n<\/tr>\n<\/thead>\n<tbody>\n<tr style=\"height: 38px;\">\n<td class=\"has-text-align-left\" style=\"width: 67.0447%; height: 38px;\" data-align=\"left\"><strong>E1 \u2013 Valorisation de l\u2019offre de produits alimentaires dans le cadre d\u2019une d\u00e9marche qualit\u00e9<\/strong><\/td>\n<td style=\"width: 9.1661%; height: 38px; text-align: center;\"><strong>6<\/strong><\/td>\n<td style=\"width: 7.84813%; height: 38px; text-align: center;\">Ponctuel oral<\/td>\n<td style=\"width: 5.35771%; text-align: center;\">\n<p>45 min<\/p>\n<\/td>\n<\/tr>\n<tr style=\"height: 79px;\">\n<td class=\"has-text-align-left\" style=\"width: 67.0447%; height: 79px;\" data-align=\"left\"><strong>E2 \u2013 Mise en oeuvre, personnalisation et d\u00e9veloppement de la relation client<\/strong><\/td>\n<td style=\"width: 9.1661%; height: 79px; text-align: center;\"><strong>6<\/strong><\/td>\n<td style=\"width: 7.84813%; height: 79px; text-align: center;\">Ponctuel pratique et oral<\/td>\n<td style=\"width: 5.35771%; text-align: center;\">\n<p>45 min<\/p>\n<\/td>\n<\/tr>\n<\/tbody>\n<\/table>\n<\/figure>\n\n\n\n<div class=\"wp-block-columns is-layout-flex wp-container-core-columns-is-layout-1 wp-block-columns-is-layout-flex\">\n<div class=\"wp-block-column is-layout-flow wp-block-column-is-layout-flow\" style=\"flex-basis:100%\"><\/div>\n<\/div>\n","protected":false},"excerpt":{"rendered":"<p>Scolaires (\u00c9tablissements priv\u00e9s hors contrat)Apprentis (CFA et sections d\u2019apprentissage non habilit\u00e9s)Formation professionnelle continue (\u00c9tablissements priv\u00e9s)Enseignement \u00e0 distance Candidats individuels \u00c9preuves Coef. Mode Dur\u00e9e E1 \u2013 Valorisation de l\u2019offre de produits alimentaires dans le cadre d\u2019une d\u00e9marche qualit\u00e9 6 Ponctuel oral 45 min E2 \u2013 Mise en oeuvre, personnalisation et d\u00e9veloppement de la relation client 6 [&hellip;]<\/p>\n","protected":false},"author":1,"featured_media":0,"parent":0,"menu_order":0,"comment_status":"closed","ping_status":"closed","template":"","meta":{"footnotes":""},"_links":{"self":[{"href":"https:\/\/www.cerpeg.fr\/mcvca\/wp-json\/wp\/v2\/pages\/886"}],"collection":[{"href":"https:\/\/www.cerpeg.fr\/mcvca\/wp-json\/wp\/v2\/pages"}],"about":[{"href":"https:\/\/www.cerpeg.fr\/mcvca\/wp-json\/wp\/v2\/types\/page"}],"author":[{"embeddable":true,"href":"https:\/\/www.cerpeg.fr\/mcvca\/wp-json\/wp\/v2\/users\/1"}],"replies":[{"embeddable":true,"href":"https:\/\/www.cerpeg.fr\/mcvca\/wp-json\/wp\/v2\/comments?post=886"}],"version-history":[{"count":8,"href":"https:\/\/www.cerpeg.fr\/mcvca\/wp-json\/wp\/v2\/pages\/886\/revisions"}],"predecessor-version":[{"id":1507,"href":"https:\/\/www.cerpeg.fr\/mcvca\/wp-json\/wp\/v2\/pages\/886\/revisions\/1507"}],"wp:attachment":[{"href":"https:\/\/www.cerpeg.fr\/mcvca\/wp-json\/wp\/v2\/media?parent=886"}],"curies":[{"name":"wp","href":"https:\/\/api.w.org\/{rel}","templated":true}]}}